{"id":2651,"date":"2023-02-07T23:29:40","date_gmt":"2023-02-07T22:29:40","guid":{"rendered":"https:\/\/www.cie-colegram.com\/?post_type=mec-events&#038;p=2651"},"modified":"2023-02-16T17:57:30","modified_gmt":"2023-02-16T16:57:30","slug":"corps-et-ames-arles","status":"publish","type":"mec-events","link":"https:\/\/www.cie-colegram.com\/index.php\/events\/corps-et-ames-arles\/","title":{"rendered":"Corps et \u00c2mes : projection + performance (sur invitation)"},"content":{"rendered":"\n<p>Le Collat\u00e9ral, Arles<\/p>\n\n\n\n<p>En savoir plus sur les actions de <a href=\"https:\/\/www.cie-colegram.com\/index.php\/mediation\/\">m\u00e9diation<\/a><\/p>\n\n\n\n<iframe src=\"https:\/\/www.google.com\/maps\/embed?pb=!1m14!1m8!1m3!1d11542.55371346616!2d4.6235225!3d43.6764891!3m2!1i1024!2i768!4f13.1!3m3!1m2!1s0x12b6764030546eb5%3A0x97e186e7ae9fd6ad!2sLe%20Collat%C3%A9ral!5e0!3m2!1sfr!2sfr!4v1675808798720!5m2!1sfr!2sfr\" width=\"600\" height=\"450\" style=\"border:0;\" allowfullscreen=\"\" loading=\"lazy\" referrerpolicy=\"no-referrer-when-downgrade\"><\/iframe>\n","protected":false},"excerpt":{"rendered":"<p>Le Collat\u00e9ral, Arles En savoir plus sur les actions de m\u00e9diation<\/p>\n","protected":false},"author":2,"featured_media":2639,"comment_status":"open","ping_status":"closed","template":"","tags":[27,7],"mec_category":[],"class_list":["post-2651","mec-events","type-mec-events","status-publish","has-post-thumbnail","hentry","tag-projection","tag-representation"],"yoast_head":"<!-- This site is optimized with the Yoast SEO plugin v24.5 - https:\/\/yoast.com\/wordpress\/plugins\/seo\/ -->\n<title>Corps et \u00c2mes : projection + performance (sur invitation) - Cie Col\u00e9gram | Tarek A\u00eft Meddour<\/title>\n<meta name=\"description\" content=\"Projection du documentaire &quot;Corps et \u00e2mes&quot; + performance au Collat\u00e9ral \u00e0 Arles le 10 mars 2023 (\u00e9v\u00e9nement sur invitation)\" \/>\n<meta name=\"robots\" content=\"index, follow, max-snippet:-1, max-image-preview:large, max-video-preview:-1\" \/>\n<link rel=\"canonical\" href=\"https:\/\/www.cie-colegram.com\/index.php\/events\/corps-et-ames-arles\/\" \/>\n<meta property=\"og:locale\" content=\"fr_FR\" \/>\n<meta property=\"og:type\" content=\"article\" \/>\n<meta property=\"og:title\" content=\"Corps et \u00c2mes : projection + performance (sur invitation) - Cie Col\u00e9gram | Tarek A\u00eft Meddour\" \/>\n<meta property=\"og:description\" content=\"Projection du documentaire &quot;Corps et \u00e2mes&quot; + performance au Collat\u00e9ral \u00e0 Arles le 10 mars 2023 (\u00e9v\u00e9nement sur invitation)\" \/>\n<meta property=\"og:url\" content=\"https:\/\/www.cie-colegram.com\/index.php\/events\/corps-et-ames-arles\/\" \/>\n<meta property=\"og:site_name\" content=\"Cie Col\u00e9gram | Tarek A\u00eft Meddour\" \/>\n<meta property=\"article:modified_time\" content=\"2023-02-16T16:57:30+00:00\" \/>\n<meta property=\"og:image\" content=\"https:\/\/www.cie-colegram.com\/wp-content\/uploads\/2023\/02\/cie-colegram-corps-et-ames.jpg\" \/>\n\t<meta property=\"og:image:width\" content=\"2000\" \/>\n\t<meta property=\"og:image:height\" content=\"1200\" \/>\n\t<meta property=\"og:image:type\" content=\"image\/jpeg\" \/>\n<meta name=\"twitter:card\" content=\"summary_large_image\" \/>\n<meta name=\"twitter:label1\" content=\"Dur\u00e9e de lecture estim\u00e9e\" \/>\n\t<meta name=\"twitter:data1\" content=\"1 minute\" \/>\n<script type=\"application\/ld+json\" class=\"yoast-schema-graph\">{\"@context\":\"https:\/\/schema.org\",\"@graph\":[{\"@type\":\"WebPage\",\"@id\":\"https:\/\/www.cie-colegram.com\/index.php\/events\/corps-et-ames-arles\/\",\"url\":\"https:\/\/www.cie-colegram.com\/index.php\/events\/corps-et-ames-arles\/\",\"name\":\"Corps et \u00c2mes : projection + performance (sur invitation) - Cie Col\u00e9gram | Tarek A\u00eft Meddour\",\"isPartOf\":{\"@id\":\"https:\/\/www.cie-colegram.com\/#website\"},\"primaryImageOfPage\":{\"@id\":\"https:\/\/www.cie-colegram.com\/index.php\/events\/corps-et-ames-arles\/#primaryimage\"},\"image\":{\"@id\":\"https:\/\/www.cie-colegram.com\/index.php\/events\/corps-et-ames-arles\/#primaryimage\"},\"thumbnailUrl\":\"https:\/\/www.cie-colegram.com\/wp-content\/uploads\/2023\/02\/cie-colegram-corps-et-ames.jpg\",\"datePublished\":\"2023-02-07T22:29:40+00:00\",\"dateModified\":\"2023-02-16T16:57:30+00:00\",\"description\":\"Projection du documentaire \\\"Corps et \u00e2mes\\\" + performance au Collat\u00e9ral \u00e0 Arles le 10 mars 2023 (\u00e9v\u00e9nement sur invitation)\",\"breadcrumb\":{\"@id\":\"https:\/\/www.cie-colegram.com\/index.php\/events\/corps-et-ames-arles\/#breadcrumb\"},\"inLanguage\":\"fr-FR\",\"potentialAction\":[{\"@type\":\"ReadAction\",\"target\":[\"https:\/\/www.cie-colegram.com\/index.php\/events\/corps-et-ames-arles\/\"]}]},{\"@type\":\"ImageObject\",\"inLanguage\":\"fr-FR\",\"@id\":\"https:\/\/www.cie-colegram.com\/index.php\/events\/corps-et-ames-arles\/#primaryimage\",\"url\":\"https:\/\/www.cie-colegram.com\/wp-content\/uploads\/2023\/02\/cie-colegram-corps-et-ames.jpg\",\"contentUrl\":\"https:\/\/www.cie-colegram.com\/wp-content\/uploads\/2023\/02\/cie-colegram-corps-et-ames.jpg\",\"width\":2000,\"height\":1200,\"caption\":\"CYCLES\"},{\"@type\":\"BreadcrumbList\",\"@id\":\"https:\/\/www.cie-colegram.com\/index.php\/events\/corps-et-ames-arles\/#breadcrumb\",\"itemListElement\":[{\"@type\":\"ListItem\",\"position\":1,\"name\":\"Accueil\",\"item\":\"https:\/\/www.cie-colegram.com\/\"},{\"@type\":\"ListItem\",\"position\":2,\"name\":\"\u00c9venements\",\"item\":\"https:\/\/www.cie-colegram.com\/index.php\/events\/\"},{\"@type\":\"ListItem\",\"position\":3,\"name\":\"Corps et \u00c2mes : projection + performance (sur invitation)\"}]},{\"@type\":\"WebSite\",\"@id\":\"https:\/\/www.cie-colegram.com\/#website\",\"url\":\"https:\/\/www.cie-colegram.com\/\",\"name\":\"Cie Col\u00e9gram | Tarek A\u00eft Meddour\",\"description\":\"\",\"publisher\":{\"@id\":\"https:\/\/www.cie-colegram.com\/#organization\"},\"potentialAction\":[{\"@type\":\"SearchAction\",\"target\":{\"@type\":\"EntryPoint\",\"urlTemplate\":\"https:\/\/www.cie-colegram.com\/?s={search_term_string}\"},\"query-input\":{\"@type\":\"PropertyValueSpecification\",\"valueRequired\":true,\"valueName\":\"search_term_string\"}}],\"inLanguage\":\"fr-FR\"},{\"@type\":\"Organization\",\"@id\":\"https:\/\/www.cie-colegram.com\/#organization\",\"name\":\"Cie Col\u00e9gram | Tarek A\u00eft Meddour\",\"url\":\"https:\/\/www.cie-colegram.com\/\",\"logo\":{\"@type\":\"ImageObject\",\"inLanguage\":\"fr-FR\",\"@id\":\"https:\/\/www.cie-colegram.com\/#\/schema\/logo\/image\/\",\"url\":\"https:\/\/www.cie-colegram.com\/wp-content\/uploads\/2019\/12\/CLG_logo_NOIR.png\",\"contentUrl\":\"https:\/\/www.cie-colegram.com\/wp-content\/uploads\/2019\/12\/CLG_logo_NOIR.png\",\"width\":1550,\"height\":2000,\"caption\":\"Cie Col\u00e9gram | Tarek A\u00eft Meddour\"},\"image\":{\"@id\":\"https:\/\/www.cie-colegram.com\/#\/schema\/logo\/image\/\"}}]}<\/script>\n<!-- \/ Yoast SEO plugin. -->","yoast_head_json":{"title":"Corps et \u00c2mes : projection + performance (sur invitation) - Cie Col\u00e9gram | Tarek A\u00eft Meddour","description":"Projection du documentaire \"Corps et \u00e2mes\" + performance au Collat\u00e9ral \u00e0 Arles le 10 mars 2023 (\u00e9v\u00e9nement sur invitation)","robots":{"index":"index","follow":"follow","max-snippet":"max-snippet:-1","max-image-preview":"max-image-preview:large","max-video-preview":"max-video-preview:-1"},"canonical":"https:\/\/www.cie-colegram.com\/index.php\/events\/corps-et-ames-arles\/","og_locale":"fr_FR","og_type":"article","og_title":"Corps et \u00c2mes : projection + performance (sur invitation) - Cie Col\u00e9gram | Tarek A\u00eft Meddour","og_description":"Projection du documentaire \"Corps et \u00e2mes\" + performance au Collat\u00e9ral \u00e0 Arles le 10 mars 2023 (\u00e9v\u00e9nement sur invitation)","og_url":"https:\/\/www.cie-colegram.com\/index.php\/events\/corps-et-ames-arles\/","og_site_name":"Cie Col\u00e9gram | Tarek A\u00eft Meddour","article_modified_time":"2023-02-16T16:57:30+00:00","og_image":[{"width":2000,"height":1200,"url":"https:\/\/www.cie-colegram.com\/wp-content\/uploads\/2023\/02\/cie-colegram-corps-et-ames.jpg","type":"image\/jpeg"}],"twitter_card":"summary_large_image","twitter_misc":{"Dur\u00e9e de lecture estim\u00e9e":"1 minute"},"schema":{"@context":"https:\/\/schema.org","@graph":[{"@type":"WebPage","@id":"https:\/\/www.cie-colegram.com\/index.php\/events\/corps-et-ames-arles\/","url":"https:\/\/www.cie-colegram.com\/index.php\/events\/corps-et-ames-arles\/","name":"Corps et \u00c2mes : projection + performance (sur invitation) - Cie Col\u00e9gram | Tarek A\u00eft Meddour","isPartOf":{"@id":"https:\/\/www.cie-colegram.com\/#website"},"primaryImageOfPage":{"@id":"https:\/\/www.cie-colegram.com\/index.php\/events\/corps-et-ames-arles\/#primaryimage"},"image":{"@id":"https:\/\/www.cie-colegram.com\/index.php\/events\/corps-et-ames-arles\/#primaryimage"},"thumbnailUrl":"https:\/\/www.cie-colegram.com\/wp-content\/uploads\/2023\/02\/cie-colegram-corps-et-ames.jpg","datePublished":"2023-02-07T22:29:40+00:00","dateModified":"2023-02-16T16:57:30+00:00","description":"Projection du documentaire \"Corps et \u00e2mes\" + performance au Collat\u00e9ral \u00e0 Arles le 10 mars 2023 (\u00e9v\u00e9nement sur invitation)","breadcrumb":{"@id":"https:\/\/www.cie-colegram.com\/index.php\/events\/corps-et-ames-arles\/#breadcrumb"},"inLanguage":"fr-FR","potentialAction":[{"@type":"ReadAction","target":["https:\/\/www.cie-colegram.com\/index.php\/events\/corps-et-ames-arles\/"]}]},{"@type":"ImageObject","inLanguage":"fr-FR","@id":"https:\/\/www.cie-colegram.com\/index.php\/events\/corps-et-ames-arles\/#primaryimage","url":"https:\/\/www.cie-colegram.com\/wp-content\/uploads\/2023\/02\/cie-colegram-corps-et-ames.jpg","contentUrl":"https:\/\/www.cie-colegram.com\/wp-content\/uploads\/2023\/02\/cie-colegram-corps-et-ames.jpg","width":2000,"height":1200,"caption":"CYCLES"},{"@type":"BreadcrumbList","@id":"https:\/\/www.cie-colegram.com\/index.php\/events\/corps-et-ames-arles\/#breadcrumb","itemListElement":[{"@type":"ListItem","position":1,"name":"Accueil","item":"https:\/\/www.cie-colegram.com\/"},{"@type":"ListItem","position":2,"name":"\u00c9venements","item":"https:\/\/www.cie-colegram.com\/index.php\/events\/"},{"@type":"ListItem","position":3,"name":"Corps et \u00c2mes : projection + performance (sur invitation)"}]},{"@type":"WebSite","@id":"https:\/\/www.cie-colegram.com\/#website","url":"https:\/\/www.cie-colegram.com\/","name":"Cie Col\u00e9gram | Tarek A\u00eft Meddour","description":"","publisher":{"@id":"https:\/\/www.cie-colegram.com\/#organization"},"potentialAction":[{"@type":"SearchAction","target":{"@type":"EntryPoint","urlTemplate":"https:\/\/www.cie-colegram.com\/?s={search_term_string}"},"query-input":{"@type":"PropertyValueSpecification","valueRequired":true,"valueName":"search_term_string"}}],"inLanguage":"fr-FR"},{"@type":"Organization","@id":"https:\/\/www.cie-colegram.com\/#organization","name":"Cie Col\u00e9gram | Tarek A\u00eft Meddour","url":"https:\/\/www.cie-colegram.com\/","logo":{"@type":"ImageObject","inLanguage":"fr-FR","@id":"https:\/\/www.cie-colegram.com\/#\/schema\/logo\/image\/","url":"https:\/\/www.cie-colegram.com\/wp-content\/uploads\/2019\/12\/CLG_logo_NOIR.png","contentUrl":"https:\/\/www.cie-colegram.com\/wp-content\/uploads\/2019\/12\/CLG_logo_NOIR.png","width":1550,"height":2000,"caption":"Cie Col\u00e9gram | Tarek A\u00eft Meddour"},"image":{"@id":"https:\/\/www.cie-colegram.com\/#\/schema\/logo\/image\/"}}]}},"_links":{"self":[{"href":"https:\/\/www.cie-colegram.com\/index.php\/wp-json\/wp\/v2\/mec-events\/2651","targetHints":{"allow":["GET"]}}],"collection":[{"href":"https:\/\/www.cie-colegram.com\/index.php\/wp-json\/wp\/v2\/mec-events"}],"about":[{"href":"https:\/\/www.cie-colegram.com\/index.php\/wp-json\/wp\/v2\/types\/mec-events"}],"author":[{"embeddable":true,"href":"https:\/\/www.cie-colegram.com\/index.php\/wp-json\/wp\/v2\/users\/2"}],"replies":[{"embeddable":true,"href":"https:\/\/www.cie-colegram.com\/index.php\/wp-json\/wp\/v2\/comments?post=2651"}],"version-history":[{"count":1,"href":"https:\/\/www.cie-colegram.com\/index.php\/wp-json\/wp\/v2\/mec-events\/2651\/revisions"}],"predecessor-version":[{"id":2653,"href":"https:\/\/www.cie-colegram.com\/index.php\/wp-json\/wp\/v2\/mec-events\/2651\/revisions\/2653"}],"wp:featuredmedia":[{"embeddable":true,"href":"https:\/\/www.cie-colegram.com\/index.php\/wp-json\/wp\/v2\/media\/2639"}],"wp:attachment":[{"href":"https:\/\/www.cie-colegram.com\/index.php\/wp-json\/wp\/v2\/media?parent=2651"}],"wp:term":[{"taxonomy":"post_tag","embeddable":true,"href":"https:\/\/www.cie-colegram.com\/index.php\/wp-json\/wp\/v2\/tags?post=2651"},{"taxonomy":"mec_category","embeddable":true,"href":"https:\/\/www.cie-colegram.com\/index.php\/wp-json\/wp\/v2\/mec_category?post=2651"}],"curies":[{"name":"wp","href":"https:\/\/api.w.org\/{rel}","templated":true}]}}

Corps et Âmes : projection + performance (sur invitation)

<p>Le Collatéral, Arles</p>



<p>En savoir plus sur les actions de <a href="https://www.cie-colegram.com/index.php/mediation/">médiation</a></p>



<iframe src="https://www.google.com/maps/embed?pb=!1m14!1m8!1m3!1d11542.55371346616!2d4.6235225!3d43.6764891!3m2!1i1024!2i768!4f13.1!3m3!1m2!1s0x12b6764030546eb5%3A0x97e186e7ae9fd6ad!2sLe%20Collat%C3%A9ral!5e0!3m2!1sfr!2sfr!4v1675808798720!5m2!1sfr!2sfr" width="600" height="450" style="border:0;" allowfullscreen="" loading="lazy" referrerpolicy="no-referrer-when-downgrade"></iframe>

<p>Le Collatéral, Arles En savoir plus sur les actions de médiation</p>

<!-- This site is optimized with the Yoast SEO plugin v24.5 - https://yoast.com/wordpress/plugins/seo/ -->
<title>Corps et Âmes : projection + performance (sur invitation) - Cie Colégram | Tarek Aït Meddour</title>
<meta name="description" content="Projection du documentaire &quot;Corps et âmes&quot; + performance au Collatéral à Arles le 10 mars 2023 (événement sur invitation)" />
<meta name="robots" content="index, follow, max-snippet:-1, max-image-preview:large, max-video-preview:-1" />
<link rel="canonical" href="https://www.cie-colegram.com/index.php/events/corps-et-ames-arles/" />
<meta property="og:locale" content="fr_FR" />
<meta property="og:type" content="article" />
<meta property="og:title" content="Corps et Âmes : projection + performance (sur invitation) - Cie Colégram | Tarek Aït Meddour" />
<meta property="og:description" content="Projection du documentaire &quot;Corps et âmes&quot; + performance au Collatéral à Arles le 10 mars 2023 (événement sur invitation)" />
<meta property="og:url" content="https://www.cie-colegram.com/index.php/events/corps-et-ames-arles/" />
<meta property="og:site_name" content="Cie Colégram | Tarek Aït Meddour" />
<meta property="article:modified_time" content="2023-02-16T16:57:30+00:00" />
<meta property="og:image" content="https://www.cie-colegram.com/wp-content/uploads/2023/02/cie-colegram-corps-et-ames.jpg" />
	<meta property="og:image:width" content="2000" />
	<meta property="og:image:height" content="1200" />
	<meta property="og:image:type" content="image/jpeg" />
<meta name="twitter:card" content="summary_large_image" />
<meta name="twitter:label1" content="Durée de lecture estimée" />
	<meta name="twitter:data1" content="1 minute" />
<script type="application/ld+json" class="yoast-schema-graph">{"@context":"https://schema.org","@graph":[{"@type":"WebPage","@id":"https://www.cie-colegram.com/index.php/events/corps-et-ames-arles/","url":"https://www.cie-colegram.com/index.php/events/corps-et-ames-arles/","name":"Corps et Âmes : projection + performance (sur invitation) - Cie Colégram | Tarek Aït Meddour","isPartOf":{"@id":"https://www.cie-colegram.com/#website"},"primaryImageOfPage":{"@id":"https://www.cie-colegram.com/index.php/events/corps-et-ames-arles/#primaryimage"},"image":{"@id":"https://www.cie-colegram.com/index.php/events/corps-et-ames-arles/#primaryimage"},"thumbnailUrl":"https://www.cie-colegram.com/wp-content/uploads/2023/02/cie-colegram-corps-et-ames.jpg","datePublished":"2023-02-07T22:29:40+00:00","dateModified":"2023-02-16T16:57:30+00:00","description":"Projection du documentaire \"Corps et âmes\" + performance au Collatéral à Arles le 10 mars 2023 (événement sur invitation)","breadcrumb":{"@id":"https://www.cie-colegram.com/index.php/events/corps-et-ames-arles/#breadcrumb"},"inLanguage":"fr-FR","potentialAction":[{"@type":"ReadAction","target":["https://www.cie-colegram.com/index.php/events/corps-et-ames-arles/"]}]},{"@type":"ImageObject","inLanguage":"fr-FR","@id":"https://www.cie-colegram.com/index.php/events/corps-et-ames-arles/#primaryimage","url":"https://www.cie-colegram.com/wp-content/uploads/2023/02/cie-colegram-corps-et-ames.jpg","contentUrl":"https://www.cie-colegram.com/wp-content/uploads/2023/02/cie-colegram-corps-et-ames.jpg","width":2000,"height":1200,"caption":"CYCLES"},{"@type":"BreadcrumbList","@id":"https://www.cie-colegram.com/index.php/events/corps-et-ames-arles/#breadcrumb","itemListElement":[{"@type":"ListItem","position":1,"name":"Accueil","item":"https://www.cie-colegram.com/"},{"@type":"ListItem","position":2,"name":"Évenements","item":"https://www.cie-colegram.com/index.php/events/"},{"@type":"ListItem","position":3,"name":"Corps et Âmes : projection + performance (sur invitation)"}]},{"@type":"WebSite","@id":"https://www.cie-colegram.com/#website","url":"https://www.cie-colegram.com/","name":"Cie Colégram | Tarek Aït Meddour","description":"","publisher":{"@id":"https://www.cie-colegram.com/#organization"},"potentialAction":[{"@type":"SearchAction","target":{"@type":"EntryPoint","urlTemplate":"https://www.cie-colegram.com/?s={search_term_string}"},"query-input":{"@type":"PropertyValueSpecification","valueRequired":true,"valueName":"search_term_string"}}],"inLanguage":"fr-FR"},{"@type":"Organization","@id":"https://www.cie-colegram.com/#organization","name":"Cie Colégram | Tarek Aït Meddour","url":"https://www.cie-colegram.com/","logo":{"@type":"ImageObject","inLanguage":"fr-FR","@id":"https://www.cie-colegram.com/#/schema/logo/image/","url":"https://www.cie-colegram.com/wp-content/uploads/2019/12/CLG_logo_NOIR.png","contentUrl":"https://www.cie-colegram.com/wp-content/uploads/2019/12/CLG_logo_NOIR.png","width":1550,"height":2000,"caption":"Cie Colégram | Tarek Aït Meddour"},"image":{"@id":"https://www.cie-colegram.com/#/schema/logo/image/"}}]}</script>
<!-- / Yoast SEO plugin. -->

Corps et Âmes : projection + performance (sur invitation) - Cie Colégram | Tarek Aït Meddour

Projection du documentaire "Corps et âmes" + performance au Collatéral à Arles le 10 mars 2023 (événement sur invitation)

Cie Colégram | Tarek Aït Meddour

Évenements
