{"id":2632,"date":"2022-08-30T22:47:03","date_gmt":"2022-08-30T20:47:03","guid":{"rendered":"https:\/\/www.cie-colegram.com\/?post_type=mec-events&#038;p=2632"},"modified":"2023-02-07T17:55:51","modified_gmt":"2023-02-07T16:55:51","slug":"le-bal-fidjhi","status":"publish","type":"mec-events","link":"https:\/\/www.cie-colegram.com\/index.php\/events\/le-bal-fidjhi\/","title":{"rendered":"LE BAL"},"content":{"rendered":"\n<p>\u00c0 l&rsquo;Espace Rh\u00e9nan, dans le cadre du Fidjhi (Festival international de danse jazz d&rsquo;hiver) organis\u00e9 avec le Centre Cynthia Jouffre<\/p>\n\n\n\n<iframe src=\"https:\/\/www.google.com\/maps\/embed?pb=!1m14!1m8!1m3!1d10746.811922120443!2d7.4976235!3d47.6707662!3m2!1i1024!2i768!4f13.1!3m3!1m2!1s0x0%3A0xfcbacd37d485954a!2sEspace%20Rh%C3%A9nan!5e0!3m2!1sfr!2sfr!4v1661892232863!5m2!1sfr!2sfr\" width=\"600\" height=\"450\" style=\"border:0;\" allowfullscreen=\"\" loading=\"lazy\" referrerpolicy=\"no-referrer-when-downgrade\"><\/iframe>\n","protected":false},"excerpt":{"rendered":"<p>\u00c0 l&rsquo;Espace Rh\u00e9nan, dans le cadre du Fidjhi (Festival international de danse jazz d&rsquo;hiver) organis\u00e9 avec le Centre Cynthia Jouffre<\/p>\n","protected":false},"author":2,"featured_media":2014,"comment_status":"open","ping_status":"closed","template":"","tags":[7],"mec_category":[],"class_list":["post-2632","mec-events","type-mec-events","status-publish","has-post-thumbnail","hentry","tag-representation"],"yoast_head":"<!-- This site is optimized with the Yoast SEO plugin v24.5 - https:\/\/yoast.com\/wordpress\/plugins\/seo\/ -->\n<title>LE BAL - Cie Col\u00e9gram | Tarek A\u00eft Meddour<\/title>\n<meta name=\"description\" content=\"Repr\u00e9sentation de LE BAL de Tarek A\u00eft Meddour \/ Cie Col\u00e9gram au Fidjhi \u00e0 l&#039;Espace Rh\u00e9nan de Kembs (68) le 18 f\u00e9vrier 2023 \u00e0 20h\" \/>\n<meta name=\"robots\" content=\"index, follow, max-snippet:-1, max-image-preview:large, max-video-preview:-1\" \/>\n<link rel=\"canonical\" href=\"https:\/\/www.cie-colegram.com\/index.php\/events\/le-bal-fidjhi\/\" \/>\n<meta property=\"og:locale\" content=\"fr_FR\" \/>\n<meta property=\"og:type\" content=\"article\" \/>\n<meta property=\"og:title\" content=\"LE BAL - Cie Col\u00e9gram | Tarek A\u00eft Meddour\" \/>\n<meta property=\"og:description\" content=\"Repr\u00e9sentation de LE BAL de Tarek A\u00eft Meddour \/ Cie Col\u00e9gram au Fidjhi \u00e0 l&#039;Espace Rh\u00e9nan de Kembs (68) le 18 f\u00e9vrier 2023 \u00e0 20h\" \/>\n<meta property=\"og:url\" content=\"https:\/\/www.cie-colegram.com\/index.php\/events\/le-bal-fidjhi\/\" \/>\n<meta property=\"og:site_name\" content=\"Cie Col\u00e9gram | Tarek A\u00eft Meddour\" \/>\n<meta property=\"article:modified_time\" content=\"2023-02-07T16:55:51+00:00\" \/>\n<meta property=\"og:image\" content=\"https:\/\/www.cie-colegram.com\/wp-content\/uploads\/2020\/05\/CIE-COLEGRAM-LE-BAL-featured.jpg\" \/>\n\t<meta property=\"og:image:width\" content=\"2000\" \/>\n\t<meta property=\"og:image:height\" content=\"1200\" \/>\n\t<meta property=\"og:image:type\" content=\"image\/jpeg\" \/>\n<meta name=\"twitter:card\" content=\"summary_large_image\" \/>\n<meta name=\"twitter:label1\" content=\"Dur\u00e9e de lecture estim\u00e9e\" \/>\n\t<meta name=\"twitter:data1\" content=\"1 minute\" \/>\n<script type=\"application\/ld+json\" class=\"yoast-schema-graph\">{\"@context\":\"https:\/\/schema.org\",\"@graph\":[{\"@type\":\"WebPage\",\"@id\":\"https:\/\/www.cie-colegram.com\/index.php\/events\/le-bal-fidjhi\/\",\"url\":\"https:\/\/www.cie-colegram.com\/index.php\/events\/le-bal-fidjhi\/\",\"name\":\"LE BAL - Cie Col\u00e9gram | Tarek A\u00eft Meddour\",\"isPartOf\":{\"@id\":\"https:\/\/www.cie-colegram.com\/#website\"},\"primaryImageOfPage\":{\"@id\":\"https:\/\/www.cie-colegram.com\/index.php\/events\/le-bal-fidjhi\/#primaryimage\"},\"image\":{\"@id\":\"https:\/\/www.cie-colegram.com\/index.php\/events\/le-bal-fidjhi\/#primaryimage\"},\"thumbnailUrl\":\"https:\/\/www.cie-colegram.com\/wp-content\/uploads\/2020\/05\/CIE-COLEGRAM-LE-BAL-featured.jpg\",\"datePublished\":\"2022-08-30T20:47:03+00:00\",\"dateModified\":\"2023-02-07T16:55:51+00:00\",\"description\":\"Repr\u00e9sentation de LE BAL de Tarek A\u00eft Meddour \/ Cie Col\u00e9gram au Fidjhi \u00e0 l'Espace Rh\u00e9nan de Kembs (68) le 18 f\u00e9vrier 2023 \u00e0 20h\",\"breadcrumb\":{\"@id\":\"https:\/\/www.cie-colegram.com\/index.php\/events\/le-bal-fidjhi\/#breadcrumb\"},\"inLanguage\":\"fr-FR\",\"potentialAction\":[{\"@type\":\"ReadAction\",\"target\":[\"https:\/\/www.cie-colegram.com\/index.php\/events\/le-bal-fidjhi\/\"]}]},{\"@type\":\"ImageObject\",\"inLanguage\":\"fr-FR\",\"@id\":\"https:\/\/www.cie-colegram.com\/index.php\/events\/le-bal-fidjhi\/#primaryimage\",\"url\":\"https:\/\/www.cie-colegram.com\/wp-content\/uploads\/2020\/05\/CIE-COLEGRAM-LE-BAL-featured.jpg\",\"contentUrl\":\"https:\/\/www.cie-colegram.com\/wp-content\/uploads\/2020\/05\/CIE-COLEGRAM-LE-BAL-featured.jpg\",\"width\":2000,\"height\":1200,\"caption\":\"Cie Col\u00e9gram - Photo \u00a9 Tarek A\u00eft Meddour\"},{\"@type\":\"BreadcrumbList\",\"@id\":\"https:\/\/www.cie-colegram.com\/index.php\/events\/le-bal-fidjhi\/#breadcrumb\",\"itemListElement\":[{\"@type\":\"ListItem\",\"position\":1,\"name\":\"Accueil\",\"item\":\"https:\/\/www.cie-colegram.com\/\"},{\"@type\":\"ListItem\",\"position\":2,\"name\":\"\u00c9venements\",\"item\":\"https:\/\/www.cie-colegram.com\/index.php\/events\/\"},{\"@type\":\"ListItem\",\"position\":3,\"name\":\"LE BAL\"}]},{\"@type\":\"WebSite\",\"@id\":\"https:\/\/www.cie-colegram.com\/#website\",\"url\":\"https:\/\/www.cie-colegram.com\/\",\"name\":\"Cie Col\u00e9gram | Tarek A\u00eft Meddour\",\"description\":\"\",\"publisher\":{\"@id\":\"https:\/\/www.cie-colegram.com\/#organization\"},\"potentialAction\":[{\"@type\":\"SearchAction\",\"target\":{\"@type\":\"EntryPoint\",\"urlTemplate\":\"https:\/\/www.cie-colegram.com\/?s={search_term_string}\"},\"query-input\":{\"@type\":\"PropertyValueSpecification\",\"valueRequired\":true,\"valueName\":\"search_term_string\"}}],\"inLanguage\":\"fr-FR\"},{\"@type\":\"Organization\",\"@id\":\"https:\/\/www.cie-colegram.com\/#organization\",\"name\":\"Cie Col\u00e9gram | Tarek A\u00eft Meddour\",\"url\":\"https:\/\/www.cie-colegram.com\/\",\"logo\":{\"@type\":\"ImageObject\",\"inLanguage\":\"fr-FR\",\"@id\":\"https:\/\/www.cie-colegram.com\/#\/schema\/logo\/image\/\",\"url\":\"https:\/\/www.cie-colegram.com\/wp-content\/uploads\/2019\/12\/CLG_logo_NOIR.png\",\"contentUrl\":\"https:\/\/www.cie-colegram.com\/wp-content\/uploads\/2019\/12\/CLG_logo_NOIR.png\",\"width\":1550,\"height\":2000,\"caption\":\"Cie Col\u00e9gram | Tarek A\u00eft Meddour\"},\"image\":{\"@id\":\"https:\/\/www.cie-colegram.com\/#\/schema\/logo\/image\/\"}}]}<\/script>\n<!-- \/ Yoast SEO plugin. -->","yoast_head_json":{"title":"LE BAL - Cie Col\u00e9gram | Tarek A\u00eft Meddour","description":"Repr\u00e9sentation de LE BAL de Tarek A\u00eft Meddour \/ Cie Col\u00e9gram au Fidjhi \u00e0 l'Espace Rh\u00e9nan de Kembs (68) le 18 f\u00e9vrier 2023 \u00e0 20h","robots":{"index":"index","follow":"follow","max-snippet":"max-snippet:-1","max-image-preview":"max-image-preview:large","max-video-preview":"max-video-preview:-1"},"canonical":"https:\/\/www.cie-colegram.com\/index.php\/events\/le-bal-fidjhi\/","og_locale":"fr_FR","og_type":"article","og_title":"LE BAL - Cie Col\u00e9gram | Tarek A\u00eft Meddour","og_description":"Repr\u00e9sentation de LE BAL de Tarek A\u00eft Meddour \/ Cie Col\u00e9gram au Fidjhi \u00e0 l'Espace Rh\u00e9nan de Kembs (68) le 18 f\u00e9vrier 2023 \u00e0 20h","og_url":"https:\/\/www.cie-colegram.com\/index.php\/events\/le-bal-fidjhi\/","og_site_name":"Cie Col\u00e9gram | Tarek A\u00eft Meddour","article_modified_time":"2023-02-07T16:55:51+00:00","og_image":[{"width":2000,"height":1200,"url":"https:\/\/www.cie-colegram.com\/wp-content\/uploads\/2020\/05\/CIE-COLEGRAM-LE-BAL-featured.jpg","type":"image\/jpeg"}],"twitter_card":"summary_large_image","twitter_misc":{"Dur\u00e9e de lecture estim\u00e9e":"1 minute"},"schema":{"@context":"https:\/\/schema.org","@graph":[{"@type":"WebPage","@id":"https:\/\/www.cie-colegram.com\/index.php\/events\/le-bal-fidjhi\/","url":"https:\/\/www.cie-colegram.com\/index.php\/events\/le-bal-fidjhi\/","name":"LE BAL - Cie Col\u00e9gram | Tarek A\u00eft Meddour","isPartOf":{"@id":"https:\/\/www.cie-colegram.com\/#website"},"primaryImageOfPage":{"@id":"https:\/\/www.cie-colegram.com\/index.php\/events\/le-bal-fidjhi\/#primaryimage"},"image":{"@id":"https:\/\/www.cie-colegram.com\/index.php\/events\/le-bal-fidjhi\/#primaryimage"},"thumbnailUrl":"https:\/\/www.cie-colegram.com\/wp-content\/uploads\/2020\/05\/CIE-COLEGRAM-LE-BAL-featured.jpg","datePublished":"2022-08-30T20:47:03+00:00","dateModified":"2023-02-07T16:55:51+00:00","description":"Repr\u00e9sentation de LE BAL de Tarek A\u00eft Meddour \/ Cie Col\u00e9gram au Fidjhi \u00e0 l'Espace Rh\u00e9nan de Kembs (68) le 18 f\u00e9vrier 2023 \u00e0 20h","breadcrumb":{"@id":"https:\/\/www.cie-colegram.com\/index.php\/events\/le-bal-fidjhi\/#breadcrumb"},"inLanguage":"fr-FR","potentialAction":[{"@type":"ReadAction","target":["https:\/\/www.cie-colegram.com\/index.php\/events\/le-bal-fidjhi\/"]}]},{"@type":"ImageObject","inLanguage":"fr-FR","@id":"https:\/\/www.cie-colegram.com\/index.php\/events\/le-bal-fidjhi\/#primaryimage","url":"https:\/\/www.cie-colegram.com\/wp-content\/uploads\/2020\/05\/CIE-COLEGRAM-LE-BAL-featured.jpg","contentUrl":"https:\/\/www.cie-colegram.com\/wp-content\/uploads\/2020\/05\/CIE-COLEGRAM-LE-BAL-featured.jpg","width":2000,"height":1200,"caption":"Cie Col\u00e9gram - Photo \u00a9 Tarek A\u00eft Meddour"},{"@type":"BreadcrumbList","@id":"https:\/\/www.cie-colegram.com\/index.php\/events\/le-bal-fidjhi\/#breadcrumb","itemListElement":[{"@type":"ListItem","position":1,"name":"Accueil","item":"https:\/\/www.cie-colegram.com\/"},{"@type":"ListItem","position":2,"name":"\u00c9venements","item":"https:\/\/www.cie-colegram.com\/index.php\/events\/"},{"@type":"ListItem","position":3,"name":"LE BAL"}]},{"@type":"WebSite","@id":"https:\/\/www.cie-colegram.com\/#website","url":"https:\/\/www.cie-colegram.com\/","name":"Cie Col\u00e9gram | Tarek A\u00eft Meddour","description":"","publisher":{"@id":"https:\/\/www.cie-colegram.com\/#organization"},"potentialAction":[{"@type":"SearchAction","target":{"@type":"EntryPoint","urlTemplate":"https:\/\/www.cie-colegram.com\/?s={search_term_string}"},"query-input":{"@type":"PropertyValueSpecification","valueRequired":true,"valueName":"search_term_string"}}],"inLanguage":"fr-FR"},{"@type":"Organization","@id":"https:\/\/www.cie-colegram.com\/#organization","name":"Cie Col\u00e9gram | Tarek A\u00eft Meddour","url":"https:\/\/www.cie-colegram.com\/","logo":{"@type":"ImageObject","inLanguage":"fr-FR","@id":"https:\/\/www.cie-colegram.com\/#\/schema\/logo\/image\/","url":"https:\/\/www.cie-colegram.com\/wp-content\/uploads\/2019\/12\/CLG_logo_NOIR.png","contentUrl":"https:\/\/www.cie-colegram.com\/wp-content\/uploads\/2019\/12\/CLG_logo_NOIR.png","width":1550,"height":2000,"caption":"Cie Col\u00e9gram | Tarek A\u00eft Meddour"},"image":{"@id":"https:\/\/www.cie-colegram.com\/#\/schema\/logo\/image\/"}}]}},"_links":{"self":[{"href":"https:\/\/www.cie-colegram.com\/index.php\/wp-json\/wp\/v2\/mec-events\/2632","targetHints":{"allow":["GET"]}}],"collection":[{"href":"https:\/\/www.cie-colegram.com\/index.php\/wp-json\/wp\/v2\/mec-events"}],"about":[{"href":"https:\/\/www.cie-colegram.com\/index.php\/wp-json\/wp\/v2\/types\/mec-events"}],"author":[{"embeddable":true,"href":"https:\/\/www.cie-colegram.com\/index.php\/wp-json\/wp\/v2\/users\/2"}],"replies":[{"embeddable":true,"href":"https:\/\/www.cie-colegram.com\/index.php\/wp-json\/wp\/v2\/comments?post=2632"}],"version-history":[{"count":2,"href":"https:\/\/www.cie-colegram.com\/index.php\/wp-json\/wp\/v2\/mec-events\/2632\/revisions"}],"predecessor-version":[{"id":2634,"href":"https:\/\/www.cie-colegram.com\/index.php\/wp-json\/wp\/v2\/mec-events\/2632\/revisions\/2634"}],"wp:featuredmedia":[{"embeddable":true,"href":"https:\/\/www.cie-colegram.com\/index.php\/wp-json\/wp\/v2\/media\/2014"}],"wp:attachment":[{"href":"https:\/\/www.cie-colegram.com\/index.php\/wp-json\/wp\/v2\/media?parent=2632"}],"wp:term":[{"taxonomy":"post_tag","embeddable":true,"href":"https:\/\/www.cie-colegram.com\/index.php\/wp-json\/wp\/v2\/tags?post=2632"},{"taxonomy":"mec_category","embeddable":true,"href":"https:\/\/www.cie-colegram.com\/index.php\/wp-json\/wp\/v2\/mec_category?post=2632"}],"curies":[{"name":"wp","href":"https:\/\/api.w.org\/{rel}","templated":true}]}}

<p>À l&rsquo;Espace Rhénan, dans le cadre du Fidjhi (Festival international de danse jazz d&rsquo;hiver) organisé avec le Centre Cynthia Jouffre</p>



<iframe src="https://www.google.com/maps/embed?pb=!1m14!1m8!1m3!1d10746.811922120443!2d7.4976235!3d47.6707662!3m2!1i1024!2i768!4f13.1!3m3!1m2!1s0x0%3A0xfcbacd37d485954a!2sEspace%20Rh%C3%A9nan!5e0!3m2!1sfr!2sfr!4v1661892232863!5m2!1sfr!2sfr" width="600" height="450" style="border:0;" allowfullscreen="" loading="lazy" referrerpolicy="no-referrer-when-downgrade"></iframe>

<p>À l&rsquo;Espace Rhénan, dans le cadre du Fidjhi (Festival international de danse jazz d&rsquo;hiver) organisé avec le Centre Cynthia Jouffre</p>

<!-- This site is optimized with the Yoast SEO plugin v24.5 - https://yoast.com/wordpress/plugins/seo/ -->
<title>LE BAL - Cie Colégram | Tarek Aït Meddour</title>
<meta name="description" content="Représentation de LE BAL de Tarek Aït Meddour / Cie Colégram au Fidjhi à l&#039;Espace Rhénan de Kembs (68) le 18 février 2023 à 20h" />
<meta name="robots" content="index, follow, max-snippet:-1, max-image-preview:large, max-video-preview:-1" />
<link rel="canonical" href="https://www.cie-colegram.com/index.php/events/le-bal-fidjhi/" />
<meta property="og:locale" content="fr_FR" />
<meta property="og:type" content="article" />
<meta property="og:title" content="LE BAL - Cie Colégram | Tarek Aït Meddour" />
<meta property="og:description" content="Représentation de LE BAL de Tarek Aït Meddour / Cie Colégram au Fidjhi à l&#039;Espace Rhénan de Kembs (68) le 18 février 2023 à 20h" />
<meta property="og:url" content="https://www.cie-colegram.com/index.php/events/le-bal-fidjhi/" />
<meta property="og:site_name" content="Cie Colégram | Tarek Aït Meddour" />
<meta property="article:modified_time" content="2023-02-07T16:55:51+00:00" />
<meta property="og:image" content="https://www.cie-colegram.com/wp-content/uploads/2020/05/CIE-COLEGRAM-LE-BAL-featured.jpg" />
	<meta property="og:image:width" content="2000" />
	<meta property="og:image:height" content="1200" />
	<meta property="og:image:type" content="image/jpeg" />
<meta name="twitter:card" content="summary_large_image" />
<meta name="twitter:label1" content="Durée de lecture estimée" />
	<meta name="twitter:data1" content="1 minute" />
<script type="application/ld+json" class="yoast-schema-graph">{"@context":"https://schema.org","@graph":[{"@type":"WebPage","@id":"https://www.cie-colegram.com/index.php/events/le-bal-fidjhi/","url":"https://www.cie-colegram.com/index.php/events/le-bal-fidjhi/","name":"LE BAL - Cie Colégram | Tarek Aït Meddour","isPartOf":{"@id":"https://www.cie-colegram.com/#website"},"primaryImageOfPage":{"@id":"https://www.cie-colegram.com/index.php/events/le-bal-fidjhi/#primaryimage"},"image":{"@id":"https://www.cie-colegram.com/index.php/events/le-bal-fidjhi/#primaryimage"},"thumbnailUrl":"https://www.cie-colegram.com/wp-content/uploads/2020/05/CIE-COLEGRAM-LE-BAL-featured.jpg","datePublished":"2022-08-30T20:47:03+00:00","dateModified":"2023-02-07T16:55:51+00:00","description":"Représentation de LE BAL de Tarek Aït Meddour / Cie Colégram au Fidjhi à l'Espace Rhénan de Kembs (68) le 18 février 2023 à 20h","breadcrumb":{"@id":"https://www.cie-colegram.com/index.php/events/le-bal-fidjhi/#breadcrumb"},"inLanguage":"fr-FR","potentialAction":[{"@type":"ReadAction","target":["https://www.cie-colegram.com/index.php/events/le-bal-fidjhi/"]}]},{"@type":"ImageObject","inLanguage":"fr-FR","@id":"https://www.cie-colegram.com/index.php/events/le-bal-fidjhi/#primaryimage","url":"https://www.cie-colegram.com/wp-content/uploads/2020/05/CIE-COLEGRAM-LE-BAL-featured.jpg","contentUrl":"https://www.cie-colegram.com/wp-content/uploads/2020/05/CIE-COLEGRAM-LE-BAL-featured.jpg","width":2000,"height":1200,"caption":"Cie Colégram - Photo © Tarek Aït Meddour"},{"@type":"BreadcrumbList","@id":"https://www.cie-colegram.com/index.php/events/le-bal-fidjhi/#breadcrumb","itemListElement":[{"@type":"ListItem","position":1,"name":"Accueil","item":"https://www.cie-colegram.com/"},{"@type":"ListItem","position":2,"name":"Évenements","item":"https://www.cie-colegram.com/index.php/events/"},{"@type":"ListItem","position":3,"name":"LE BAL"}]},{"@type":"WebSite","@id":"https://www.cie-colegram.com/#website","url":"https://www.cie-colegram.com/","name":"Cie Colégram | Tarek Aït Meddour","description":"","publisher":{"@id":"https://www.cie-colegram.com/#organization"},"potentialAction":[{"@type":"SearchAction","target":{"@type":"EntryPoint","urlTemplate":"https://www.cie-colegram.com/?s={search_term_string}"},"query-input":{"@type":"PropertyValueSpecification","valueRequired":true,"valueName":"search_term_string"}}],"inLanguage":"fr-FR"},{"@type":"Organization","@id":"https://www.cie-colegram.com/#organization","name":"Cie Colégram | Tarek Aït Meddour","url":"https://www.cie-colegram.com/","logo":{"@type":"ImageObject","inLanguage":"fr-FR","@id":"https://www.cie-colegram.com/#/schema/logo/image/","url":"https://www.cie-colegram.com/wp-content/uploads/2019/12/CLG_logo_NOIR.png","contentUrl":"https://www.cie-colegram.com/wp-content/uploads/2019/12/CLG_logo_NOIR.png","width":1550,"height":2000,"caption":"Cie Colégram | Tarek Aït Meddour"},"image":{"@id":"https://www.cie-colegram.com/#/schema/logo/image/"}}]}</script>
<!-- / Yoast SEO plugin. -->

LE BAL - Cie Colégram | Tarek Aït Meddour

Représentation de LE BAL de Tarek Aït Meddour / Cie Colégram au Fidjhi à l'Espace Rhénan de Kembs (68) le 18 février 2023 à 20h

Cie Colégram | Tarek Aït Meddour

Cie Colégram - Photo © Tarek Aït Meddour

Évenements
