{"id":2581,"date":"2022-05-24T15:13:04","date_gmt":"2022-05-24T13:13:04","guid":{"rendered":"https:\/\/www.cie-colegram.com\/?post_type=mec-events&#038;p=2581"},"modified":"2022-05-25T15:52:58","modified_gmt":"2022-05-25T13:52:58","slug":"mediation-habitat-humanisme","status":"publish","type":"mec-events","link":"https:\/\/www.cie-colegram.com\/index.php\/events\/mediation-habitat-humanisme\/","title":{"rendered":"M\u00e9diation Le Trait d&rsquo;Union &#8211; Habitat et Humanisme"},"content":{"rendered":"\n<p>\u00c0 Fourvi\u00e8re \u00e0 Lyon.<\/p>\n\n\n\n<iframe src=\"https:\/\/www.google.com\/maps\/embed?pb=!1m18!1m12!1m3!1d11133.84513240803!2d4.818079549999999!3d45.761945!2m3!1f0!2f0!3f0!3m2!1i1024!2i768!4f13.1!3m3!1m2!1s0x47f4eba855934b53%3A0xa124b459bcf53d9d!2sFourvi%C3%A8re%2C%2069005%20Lyon!5e0!3m2!1sfr!2sfr!4v1653398701435!5m2!1sfr!2sfr\" width=\"600\" height=\"450\" style=\"border:0;\" allowfullscreen=\"\" loading=\"lazy\" referrerpolicy=\"no-referrer-when-downgrade\"><\/iframe>\n","protected":false},"excerpt":{"rendered":"<p>\u00c0 Fourvi\u00e8re \u00e0 Lyon.<\/p>\n","protected":false},"author":2,"featured_media":1665,"comment_status":"open","ping_status":"closed","template":"","tags":[116,9,7],"mec_category":[],"class_list":["post-2581","mec-events","type-mec-events","status-publish","has-post-thumbnail","hentry","tag-atelier","tag-mediation","tag-representation"],"yoast_head":"<!-- This site is optimized with the Yoast SEO plugin v24.5 - https:\/\/yoast.com\/wordpress\/plugins\/seo\/ -->\n<title>M\u00e9diation Le Trait d&#039;Union - Habitat et Humanisme - Cie Col\u00e9gram | Tarek A\u00eft Meddour<\/title>\n<meta name=\"description\" content=\"Travail de m\u00e9diation de Tarek A\u00eft Meddour avec Habitat et Humanisme \u00e0 Fourvi\u00e8re (Lyon) le 2 juillet 2022.\" \/>\n<meta name=\"robots\" content=\"index, follow, max-snippet:-1, max-image-preview:large, max-video-preview:-1\" \/>\n<link rel=\"canonical\" href=\"https:\/\/www.cie-colegram.com\/index.php\/events\/mediation-habitat-humanisme\/\" \/>\n<meta property=\"og:locale\" content=\"fr_FR\" \/>\n<meta property=\"og:type\" content=\"article\" \/>\n<meta property=\"og:title\" content=\"M\u00e9diation Le Trait d&#039;Union - Habitat et Humanisme - Cie Col\u00e9gram | Tarek A\u00eft Meddour\" \/>\n<meta property=\"og:description\" content=\"Travail de m\u00e9diation de Tarek A\u00eft Meddour avec Habitat et Humanisme \u00e0 Fourvi\u00e8re (Lyon) le 2 juillet 2022.\" \/>\n<meta property=\"og:url\" content=\"https:\/\/www.cie-colegram.com\/index.php\/events\/mediation-habitat-humanisme\/\" \/>\n<meta property=\"og:site_name\" content=\"Cie Col\u00e9gram | Tarek A\u00eft Meddour\" \/>\n<meta property=\"article:modified_time\" content=\"2022-05-25T13:52:58+00:00\" \/>\n<meta property=\"og:image\" content=\"https:\/\/www.cie-colegram.com\/wp-content\/uploads\/2020\/01\/cie-colegram-tarek-ait-meddour-portrait.jpg\" \/>\n\t<meta property=\"og:image:width\" content=\"2000\" \/>\n\t<meta property=\"og:image:height\" content=\"1200\" \/>\n\t<meta property=\"og:image:type\" content=\"image\/jpeg\" \/>\n<meta name=\"twitter:card\" content=\"summary_large_image\" \/>\n<meta name=\"twitter:label1\" content=\"Dur\u00e9e de lecture estim\u00e9e\" \/>\n\t<meta name=\"twitter:data1\" content=\"1 minute\" \/>\n<script type=\"application\/ld+json\" class=\"yoast-schema-graph\">{\"@context\":\"https:\/\/schema.org\",\"@graph\":[{\"@type\":\"WebPage\",\"@id\":\"https:\/\/www.cie-colegram.com\/index.php\/events\/mediation-habitat-humanisme\/\",\"url\":\"https:\/\/www.cie-colegram.com\/index.php\/events\/mediation-habitat-humanisme\/\",\"name\":\"M\u00e9diation Le Trait d'Union - Habitat et Humanisme - Cie Col\u00e9gram | Tarek A\u00eft Meddour\",\"isPartOf\":{\"@id\":\"https:\/\/www.cie-colegram.com\/#website\"},\"primaryImageOfPage\":{\"@id\":\"https:\/\/www.cie-colegram.com\/index.php\/events\/mediation-habitat-humanisme\/#primaryimage\"},\"image\":{\"@id\":\"https:\/\/www.cie-colegram.com\/index.php\/events\/mediation-habitat-humanisme\/#primaryimage\"},\"thumbnailUrl\":\"https:\/\/www.cie-colegram.com\/wp-content\/uploads\/2020\/01\/cie-colegram-tarek-ait-meddour-portrait.jpg\",\"datePublished\":\"2022-05-24T13:13:04+00:00\",\"dateModified\":\"2022-05-25T13:52:58+00:00\",\"description\":\"Travail de m\u00e9diation de Tarek A\u00eft Meddour avec Habitat et Humanisme \u00e0 Fourvi\u00e8re (Lyon) le 2 juillet 2022.\",\"breadcrumb\":{\"@id\":\"https:\/\/www.cie-colegram.com\/index.php\/events\/mediation-habitat-humanisme\/#breadcrumb\"},\"inLanguage\":\"fr-FR\",\"potentialAction\":[{\"@type\":\"ReadAction\",\"target\":[\"https:\/\/www.cie-colegram.com\/index.php\/events\/mediation-habitat-humanisme\/\"]}]},{\"@type\":\"ImageObject\",\"inLanguage\":\"fr-FR\",\"@id\":\"https:\/\/www.cie-colegram.com\/index.php\/events\/mediation-habitat-humanisme\/#primaryimage\",\"url\":\"https:\/\/www.cie-colegram.com\/wp-content\/uploads\/2020\/01\/cie-colegram-tarek-ait-meddour-portrait.jpg\",\"contentUrl\":\"https:\/\/www.cie-colegram.com\/wp-content\/uploads\/2020\/01\/cie-colegram-tarek-ait-meddour-portrait.jpg\",\"width\":2000,\"height\":1200,\"caption\":\"Cie Col\u00e9gram, Tarek A\u00eft Meddour - Photo \u00a9 Philippe Monpontet\"},{\"@type\":\"BreadcrumbList\",\"@id\":\"https:\/\/www.cie-colegram.com\/index.php\/events\/mediation-habitat-humanisme\/#breadcrumb\",\"itemListElement\":[{\"@type\":\"ListItem\",\"position\":1,\"name\":\"Accueil\",\"item\":\"https:\/\/www.cie-colegram.com\/\"},{\"@type\":\"ListItem\",\"position\":2,\"name\":\"\u00c9venements\",\"item\":\"https:\/\/www.cie-colegram.com\/index.php\/events\/\"},{\"@type\":\"ListItem\",\"position\":3,\"name\":\"M\u00e9diation Le Trait d&#8217;Union &#8211; Habitat et Humanisme\"}]},{\"@type\":\"WebSite\",\"@id\":\"https:\/\/www.cie-colegram.com\/#website\",\"url\":\"https:\/\/www.cie-colegram.com\/\",\"name\":\"Cie Col\u00e9gram | Tarek A\u00eft Meddour\",\"description\":\"\",\"publisher\":{\"@id\":\"https:\/\/www.cie-colegram.com\/#organization\"},\"potentialAction\":[{\"@type\":\"SearchAction\",\"target\":{\"@type\":\"EntryPoint\",\"urlTemplate\":\"https:\/\/www.cie-colegram.com\/?s={search_term_string}\"},\"query-input\":{\"@type\":\"PropertyValueSpecification\",\"valueRequired\":true,\"valueName\":\"search_term_string\"}}],\"inLanguage\":\"fr-FR\"},{\"@type\":\"Organization\",\"@id\":\"https:\/\/www.cie-colegram.com\/#organization\",\"name\":\"Cie Col\u00e9gram | Tarek A\u00eft Meddour\",\"url\":\"https:\/\/www.cie-colegram.com\/\",\"logo\":{\"@type\":\"ImageObject\",\"inLanguage\":\"fr-FR\",\"@id\":\"https:\/\/www.cie-colegram.com\/#\/schema\/logo\/image\/\",\"url\":\"https:\/\/www.cie-colegram.com\/wp-content\/uploads\/2019\/12\/CLG_logo_NOIR.png\",\"contentUrl\":\"https:\/\/www.cie-colegram.com\/wp-content\/uploads\/2019\/12\/CLG_logo_NOIR.png\",\"width\":1550,\"height\":2000,\"caption\":\"Cie Col\u00e9gram | Tarek A\u00eft Meddour\"},\"image\":{\"@id\":\"https:\/\/www.cie-colegram.com\/#\/schema\/logo\/image\/\"}}]}<\/script>\n<!-- \/ Yoast SEO plugin. -->","yoast_head_json":{"title":"M\u00e9diation Le Trait d'Union - Habitat et Humanisme - Cie Col\u00e9gram | Tarek A\u00eft Meddour","description":"Travail de m\u00e9diation de Tarek A\u00eft Meddour avec Habitat et Humanisme \u00e0 Fourvi\u00e8re (Lyon) le 2 juillet 2022.","robots":{"index":"index","follow":"follow","max-snippet":"max-snippet:-1","max-image-preview":"max-image-preview:large","max-video-preview":"max-video-preview:-1"},"canonical":"https:\/\/www.cie-colegram.com\/index.php\/events\/mediation-habitat-humanisme\/","og_locale":"fr_FR","og_type":"article","og_title":"M\u00e9diation Le Trait d'Union - Habitat et Humanisme - Cie Col\u00e9gram | Tarek A\u00eft Meddour","og_description":"Travail de m\u00e9diation de Tarek A\u00eft Meddour avec Habitat et Humanisme \u00e0 Fourvi\u00e8re (Lyon) le 2 juillet 2022.","og_url":"https:\/\/www.cie-colegram.com\/index.php\/events\/mediation-habitat-humanisme\/","og_site_name":"Cie Col\u00e9gram | Tarek A\u00eft Meddour","article_modified_time":"2022-05-25T13:52:58+00:00","og_image":[{"width":2000,"height":1200,"url":"https:\/\/www.cie-colegram.com\/wp-content\/uploads\/2020\/01\/cie-colegram-tarek-ait-meddour-portrait.jpg","type":"image\/jpeg"}],"twitter_card":"summary_large_image","twitter_misc":{"Dur\u00e9e de lecture estim\u00e9e":"1 minute"},"schema":{"@context":"https:\/\/schema.org","@graph":[{"@type":"WebPage","@id":"https:\/\/www.cie-colegram.com\/index.php\/events\/mediation-habitat-humanisme\/","url":"https:\/\/www.cie-colegram.com\/index.php\/events\/mediation-habitat-humanisme\/","name":"M\u00e9diation Le Trait d'Union - Habitat et Humanisme - Cie Col\u00e9gram | Tarek A\u00eft Meddour","isPartOf":{"@id":"https:\/\/www.cie-colegram.com\/#website"},"primaryImageOfPage":{"@id":"https:\/\/www.cie-colegram.com\/index.php\/events\/mediation-habitat-humanisme\/#primaryimage"},"image":{"@id":"https:\/\/www.cie-colegram.com\/index.php\/events\/mediation-habitat-humanisme\/#primaryimage"},"thumbnailUrl":"https:\/\/www.cie-colegram.com\/wp-content\/uploads\/2020\/01\/cie-colegram-tarek-ait-meddour-portrait.jpg","datePublished":"2022-05-24T13:13:04+00:00","dateModified":"2022-05-25T13:52:58+00:00","description":"Travail de m\u00e9diation de Tarek A\u00eft Meddour avec Habitat et Humanisme \u00e0 Fourvi\u00e8re (Lyon) le 2 juillet 2022.","breadcrumb":{"@id":"https:\/\/www.cie-colegram.com\/index.php\/events\/mediation-habitat-humanisme\/#breadcrumb"},"inLanguage":"fr-FR","potentialAction":[{"@type":"ReadAction","target":["https:\/\/www.cie-colegram.com\/index.php\/events\/mediation-habitat-humanisme\/"]}]},{"@type":"ImageObject","inLanguage":"fr-FR","@id":"https:\/\/www.cie-colegram.com\/index.php\/events\/mediation-habitat-humanisme\/#primaryimage","url":"https:\/\/www.cie-colegram.com\/wp-content\/uploads\/2020\/01\/cie-colegram-tarek-ait-meddour-portrait.jpg","contentUrl":"https:\/\/www.cie-colegram.com\/wp-content\/uploads\/2020\/01\/cie-colegram-tarek-ait-meddour-portrait.jpg","width":2000,"height":1200,"caption":"Cie Col\u00e9gram, Tarek A\u00eft Meddour - Photo \u00a9 Philippe Monpontet"},{"@type":"BreadcrumbList","@id":"https:\/\/www.cie-colegram.com\/index.php\/events\/mediation-habitat-humanisme\/#breadcrumb","itemListElement":[{"@type":"ListItem","position":1,"name":"Accueil","item":"https:\/\/www.cie-colegram.com\/"},{"@type":"ListItem","position":2,"name":"\u00c9venements","item":"https:\/\/www.cie-colegram.com\/index.php\/events\/"},{"@type":"ListItem","position":3,"name":"M\u00e9diation Le Trait d&#8217;Union &#8211; Habitat et Humanisme"}]},{"@type":"WebSite","@id":"https:\/\/www.cie-colegram.com\/#website","url":"https:\/\/www.cie-colegram.com\/","name":"Cie Col\u00e9gram | Tarek A\u00eft Meddour","description":"","publisher":{"@id":"https:\/\/www.cie-colegram.com\/#organization"},"potentialAction":[{"@type":"SearchAction","target":{"@type":"EntryPoint","urlTemplate":"https:\/\/www.cie-colegram.com\/?s={search_term_string}"},"query-input":{"@type":"PropertyValueSpecification","valueRequired":true,"valueName":"search_term_string"}}],"inLanguage":"fr-FR"},{"@type":"Organization","@id":"https:\/\/www.cie-colegram.com\/#organization","name":"Cie Col\u00e9gram | Tarek A\u00eft Meddour","url":"https:\/\/www.cie-colegram.com\/","logo":{"@type":"ImageObject","inLanguage":"fr-FR","@id":"https:\/\/www.cie-colegram.com\/#\/schema\/logo\/image\/","url":"https:\/\/www.cie-colegram.com\/wp-content\/uploads\/2019\/12\/CLG_logo_NOIR.png","contentUrl":"https:\/\/www.cie-colegram.com\/wp-content\/uploads\/2019\/12\/CLG_logo_NOIR.png","width":1550,"height":2000,"caption":"Cie Col\u00e9gram | Tarek A\u00eft Meddour"},"image":{"@id":"https:\/\/www.cie-colegram.com\/#\/schema\/logo\/image\/"}}]}},"_links":{"self":[{"href":"https:\/\/www.cie-colegram.com\/index.php\/wp-json\/wp\/v2\/mec-events\/2581","targetHints":{"allow":["GET"]}}],"collection":[{"href":"https:\/\/www.cie-colegram.com\/index.php\/wp-json\/wp\/v2\/mec-events"}],"about":[{"href":"https:\/\/www.cie-colegram.com\/index.php\/wp-json\/wp\/v2\/types\/mec-events"}],"author":[{"embeddable":true,"href":"https:\/\/www.cie-colegram.com\/index.php\/wp-json\/wp\/v2\/users\/2"}],"replies":[{"embeddable":true,"href":"https:\/\/www.cie-colegram.com\/index.php\/wp-json\/wp\/v2\/comments?post=2581"}],"version-history":[{"count":5,"href":"https:\/\/www.cie-colegram.com\/index.php\/wp-json\/wp\/v2\/mec-events\/2581\/revisions"}],"predecessor-version":[{"id":2588,"href":"https:\/\/www.cie-colegram.com\/index.php\/wp-json\/wp\/v2\/mec-events\/2581\/revisions\/2588"}],"wp:featuredmedia":[{"embeddable":true,"href":"https:\/\/www.cie-colegram.com\/index.php\/wp-json\/wp\/v2\/media\/1665"}],"wp:attachment":[{"href":"https:\/\/www.cie-colegram.com\/index.php\/wp-json\/wp\/v2\/media?parent=2581"}],"wp:term":[{"taxonomy":"post_tag","embeddable":true,"href":"https:\/\/www.cie-colegram.com\/index.php\/wp-json\/wp\/v2\/tags?post=2581"},{"taxonomy":"mec_category","embeddable":true,"href":"https:\/\/www.cie-colegram.com\/index.php\/wp-json\/wp\/v2\/mec_category?post=2581"}],"curies":[{"name":"wp","href":"https:\/\/api.w.org\/{rel}","templated":true}]}}

Médiation Le Trait d&rsquo;Union &#8211; Habitat et Humanisme

<p>À Fourvière à Lyon.</p>



<iframe src="https://www.google.com/maps/embed?pb=!1m18!1m12!1m3!1d11133.84513240803!2d4.818079549999999!3d45.761945!2m3!1f0!2f0!3f0!3m2!1i1024!2i768!4f13.1!3m3!1m2!1s0x47f4eba855934b53%3A0xa124b459bcf53d9d!2sFourvi%C3%A8re%2C%2069005%20Lyon!5e0!3m2!1sfr!2sfr!4v1653398701435!5m2!1sfr!2sfr" width="600" height="450" style="border:0;" allowfullscreen="" loading="lazy" referrerpolicy="no-referrer-when-downgrade"></iframe>

<p>À Fourvière à Lyon.</p>

<!-- This site is optimized with the Yoast SEO plugin v24.5 - https://yoast.com/wordpress/plugins/seo/ -->
<title>Médiation Le Trait d&#039;Union - Habitat et Humanisme - Cie Colégram | Tarek Aït Meddour</title>
<meta name="description" content="Travail de médiation de Tarek Aït Meddour avec Habitat et Humanisme à Fourvière (Lyon) le 2 juillet 2022." />
<meta name="robots" content="index, follow, max-snippet:-1, max-image-preview:large, max-video-preview:-1" />
<link rel="canonical" href="https://www.cie-colegram.com/index.php/events/mediation-habitat-humanisme/" />
<meta property="og:locale" content="fr_FR" />
<meta property="og:type" content="article" />
<meta property="og:title" content="Médiation Le Trait d&#039;Union - Habitat et Humanisme - Cie Colégram | Tarek Aït Meddour" />
<meta property="og:description" content="Travail de médiation de Tarek Aït Meddour avec Habitat et Humanisme à Fourvière (Lyon) le 2 juillet 2022." />
<meta property="og:url" content="https://www.cie-colegram.com/index.php/events/mediation-habitat-humanisme/" />
<meta property="og:site_name" content="Cie Colégram | Tarek Aït Meddour" />
<meta property="article:modified_time" content="2022-05-25T13:52:58+00:00" />
<meta property="og:image" content="https://www.cie-colegram.com/wp-content/uploads/2020/01/cie-colegram-tarek-ait-meddour-portrait.jpg" />
	<meta property="og:image:width" content="2000" />
	<meta property="og:image:height" content="1200" />
	<meta property="og:image:type" content="image/jpeg" />
<meta name="twitter:card" content="summary_large_image" />
<meta name="twitter:label1" content="Durée de lecture estimée" />
	<meta name="twitter:data1" content="1 minute" />
<script type="application/ld+json" class="yoast-schema-graph">{"@context":"https://schema.org","@graph":[{"@type":"WebPage","@id":"https://www.cie-colegram.com/index.php/events/mediation-habitat-humanisme/","url":"https://www.cie-colegram.com/index.php/events/mediation-habitat-humanisme/","name":"Médiation Le Trait d'Union - Habitat et Humanisme - Cie Colégram | Tarek Aït Meddour","isPartOf":{"@id":"https://www.cie-colegram.com/#website"},"primaryImageOfPage":{"@id":"https://www.cie-colegram.com/index.php/events/mediation-habitat-humanisme/#primaryimage"},"image":{"@id":"https://www.cie-colegram.com/index.php/events/mediation-habitat-humanisme/#primaryimage"},"thumbnailUrl":"https://www.cie-colegram.com/wp-content/uploads/2020/01/cie-colegram-tarek-ait-meddour-portrait.jpg","datePublished":"2022-05-24T13:13:04+00:00","dateModified":"2022-05-25T13:52:58+00:00","description":"Travail de médiation de Tarek Aït Meddour avec Habitat et Humanisme à Fourvière (Lyon) le 2 juillet 2022.","breadcrumb":{"@id":"https://www.cie-colegram.com/index.php/events/mediation-habitat-humanisme/#breadcrumb"},"inLanguage":"fr-FR","potentialAction":[{"@type":"ReadAction","target":["https://www.cie-colegram.com/index.php/events/mediation-habitat-humanisme/"]}]},{"@type":"ImageObject","inLanguage":"fr-FR","@id":"https://www.cie-colegram.com/index.php/events/mediation-habitat-humanisme/#primaryimage","url":"https://www.cie-colegram.com/wp-content/uploads/2020/01/cie-colegram-tarek-ait-meddour-portrait.jpg","contentUrl":"https://www.cie-colegram.com/wp-content/uploads/2020/01/cie-colegram-tarek-ait-meddour-portrait.jpg","width":2000,"height":1200,"caption":"Cie Colégram, Tarek Aït Meddour - Photo © Philippe Monpontet"},{"@type":"BreadcrumbList","@id":"https://www.cie-colegram.com/index.php/events/mediation-habitat-humanisme/#breadcrumb","itemListElement":[{"@type":"ListItem","position":1,"name":"Accueil","item":"https://www.cie-colegram.com/"},{"@type":"ListItem","position":2,"name":"Évenements","item":"https://www.cie-colegram.com/index.php/events/"},{"@type":"ListItem","position":3,"name":"Médiation Le Trait d&#8217;Union &#8211; Habitat et Humanisme"}]},{"@type":"WebSite","@id":"https://www.cie-colegram.com/#website","url":"https://www.cie-colegram.com/","name":"Cie Colégram | Tarek Aït Meddour","description":"","publisher":{"@id":"https://www.cie-colegram.com/#organization"},"potentialAction":[{"@type":"SearchAction","target":{"@type":"EntryPoint","urlTemplate":"https://www.cie-colegram.com/?s={search_term_string}"},"query-input":{"@type":"PropertyValueSpecification","valueRequired":true,"valueName":"search_term_string"}}],"inLanguage":"fr-FR"},{"@type":"Organization","@id":"https://www.cie-colegram.com/#organization","name":"Cie Colégram | Tarek Aït Meddour","url":"https://www.cie-colegram.com/","logo":{"@type":"ImageObject","inLanguage":"fr-FR","@id":"https://www.cie-colegram.com/#/schema/logo/image/","url":"https://www.cie-colegram.com/wp-content/uploads/2019/12/CLG_logo_NOIR.png","contentUrl":"https://www.cie-colegram.com/wp-content/uploads/2019/12/CLG_logo_NOIR.png","width":1550,"height":2000,"caption":"Cie Colégram | Tarek Aït Meddour"},"image":{"@id":"https://www.cie-colegram.com/#/schema/logo/image/"}}]}</script>
<!-- / Yoast SEO plugin. -->

Médiation Le Trait d'Union - Habitat et Humanisme - Cie Colégram | Tarek Aït Meddour

Travail de médiation de Tarek Aït Meddour avec Habitat et Humanisme à Fourvière (Lyon) le 2 juillet 2022.

Cie Colégram | Tarek Aït Meddour

Cie Colégram, Tarek Aït Meddour - Photo © Philippe Monpontet

Évenements

Médiation Le Trait d&#8217;Union &#8211; Habitat et Humanisme
