{"id":2576,"date":"2022-05-24T14:44:05","date_gmt":"2022-05-24T12:44:05","guid":{"rendered":"https:\/\/www.cie-colegram.com\/?post_type=mec-events&#038;p=2576"},"modified":"2022-05-25T15:54:10","modified_gmt":"2022-05-25T13:54:10","slug":"saint-germain-en-laye-tawam-extrait","status":"publish","type":"mec-events","link":"https:\/\/www.cie-colegram.com\/index.php\/events\/saint-germain-en-laye-tawam-extrait\/","title":{"rendered":"TAWAM (extrait)"},"content":{"rendered":"\n<p><strong>\u2192<\/strong> Pr\u00e9sentation d&rsquo;un extrait de <em><strong><a href=\"https:\/\/www.cie-colegram.com\/index.php\/tawam\/\">Tawam<\/a><\/strong><\/em> dans le cadre de la pr\u00e9sentation de saison 22\/23 du <a href=\"https:\/\/tad.saintgermainenlaye.fr\/1380-4257\/fiche\/presentation-de-la-saison-2022-2023.htm\" target=\"_blank\" rel=\"noreferrer noopener\">Th\u00e9\u00e2tre Alexandre Dumas<\/a>, \u00e0 18h et 20h30.<\/p>\n\n\n\n<iframe src=\"https:\/\/www.google.com\/maps\/embed?pb=!1m14!1m8!1m3!1d10491.902856323117!2d2.097!3d48.8968!3m2!1i1024!2i768!4f13.1!3m3!1m2!1s0x0%3A0x75640194c5a20305!2sTh%C3%A9%C3%A2tre%20Alexandre%20Dumas!5e0!3m2!1sfr!2sfr!4v1653396071987!5m2!1sfr!2sfr\" width=\"600\" height=\"450\" style=\"border:0;\" allowfullscreen=\"\" loading=\"lazy\" referrerpolicy=\"no-referrer-when-downgrade\"><\/iframe>\n","protected":false},"excerpt":{"rendered":"<p>\u2192 Pr\u00e9sentation d&rsquo;un extrait de Tawam dans le cadre de la pr\u00e9sentation de saison 22\/23 du Th\u00e9\u00e2tre Alexandre Dumas, \u00e0 18h et 20h30.<\/p>\n","protected":false},"author":2,"featured_media":1668,"comment_status":"open","ping_status":"closed","template":"","tags":[158,7],"mec_category":[],"class_list":["post-2576","mec-events","type-mec-events","status-publish","has-post-thumbnail","hentry","tag-presentation-de-saison","tag-representation"],"yoast_head":"<!-- This site is optimized with the Yoast SEO plugin v24.5 - https:\/\/yoast.com\/wordpress\/plugins\/seo\/ -->\n<title>TAWAM (extrait) - Cie Col\u00e9gram | Tarek A\u00eft Meddour<\/title>\n<meta name=\"description\" content=\"Repr\u00e9sentation d&#039;un extrait de TAWAM de Tarek A\u00eft Meddour et Pauline Journ\u00e9e lors de la pr\u00e9sentation de saison 22\/23 du Th. A.-Dumas (78).\" \/>\n<meta name=\"robots\" content=\"index, follow, max-snippet:-1, max-image-preview:large, max-video-preview:-1\" \/>\n<link rel=\"canonical\" href=\"https:\/\/www.cie-colegram.com\/index.php\/events\/saint-germain-en-laye-tawam-extrait\/\" \/>\n<meta property=\"og:locale\" content=\"fr_FR\" \/>\n<meta property=\"og:type\" content=\"article\" \/>\n<meta property=\"og:title\" content=\"TAWAM (extrait) - Cie Col\u00e9gram | Tarek A\u00eft Meddour\" \/>\n<meta property=\"og:description\" content=\"Repr\u00e9sentation d&#039;un extrait de TAWAM de Tarek A\u00eft Meddour et Pauline Journ\u00e9e lors de la pr\u00e9sentation de saison 22\/23 du Th. A.-Dumas (78).\" \/>\n<meta property=\"og:url\" content=\"https:\/\/www.cie-colegram.com\/index.php\/events\/saint-germain-en-laye-tawam-extrait\/\" \/>\n<meta property=\"og:site_name\" content=\"Cie Col\u00e9gram | Tarek A\u00eft Meddour\" \/>\n<meta property=\"article:modified_time\" content=\"2022-05-25T13:54:10+00:00\" \/>\n<meta property=\"og:image\" content=\"https:\/\/www.cie-colegram.com\/wp-content\/uploads\/2020\/01\/cie-colegram-tarek-ait-meddour-pauline-journe-tawam-1024x614.png\" \/>\n\t<meta property=\"og:image:width\" content=\"1024\" \/>\n\t<meta property=\"og:image:height\" content=\"614\" \/>\n\t<meta property=\"og:image:type\" content=\"image\/png\" \/>\n<meta name=\"twitter:card\" content=\"summary_large_image\" \/>\n<meta name=\"twitter:label1\" content=\"Dur\u00e9e de lecture estim\u00e9e\" \/>\n\t<meta name=\"twitter:data1\" content=\"1 minute\" \/>\n<script type=\"application\/ld+json\" class=\"yoast-schema-graph\">{\"@context\":\"https:\/\/schema.org\",\"@graph\":[{\"@type\":\"WebPage\",\"@id\":\"https:\/\/www.cie-colegram.com\/index.php\/events\/saint-germain-en-laye-tawam-extrait\/\",\"url\":\"https:\/\/www.cie-colegram.com\/index.php\/events\/saint-germain-en-laye-tawam-extrait\/\",\"name\":\"TAWAM (extrait) - Cie Col\u00e9gram | Tarek A\u00eft Meddour\",\"isPartOf\":{\"@id\":\"https:\/\/www.cie-colegram.com\/#website\"},\"primaryImageOfPage\":{\"@id\":\"https:\/\/www.cie-colegram.com\/index.php\/events\/saint-germain-en-laye-tawam-extrait\/#primaryimage\"},\"image\":{\"@id\":\"https:\/\/www.cie-colegram.com\/index.php\/events\/saint-germain-en-laye-tawam-extrait\/#primaryimage\"},\"thumbnailUrl\":\"https:\/\/www.cie-colegram.com\/wp-content\/uploads\/2020\/01\/cie-colegram-tarek-ait-meddour-pauline-journe-tawam.png\",\"datePublished\":\"2022-05-24T12:44:05+00:00\",\"dateModified\":\"2022-05-25T13:54:10+00:00\",\"description\":\"Repr\u00e9sentation d'un extrait de TAWAM de Tarek A\u00eft Meddour et Pauline Journ\u00e9e lors de la pr\u00e9sentation de saison 22\/23 du Th. A.-Dumas (78).\",\"breadcrumb\":{\"@id\":\"https:\/\/www.cie-colegram.com\/index.php\/events\/saint-germain-en-laye-tawam-extrait\/#breadcrumb\"},\"inLanguage\":\"fr-FR\",\"potentialAction\":[{\"@type\":\"ReadAction\",\"target\":[\"https:\/\/www.cie-colegram.com\/index.php\/events\/saint-germain-en-laye-tawam-extrait\/\"]}]},{\"@type\":\"ImageObject\",\"inLanguage\":\"fr-FR\",\"@id\":\"https:\/\/www.cie-colegram.com\/index.php\/events\/saint-germain-en-laye-tawam-extrait\/#primaryimage\",\"url\":\"https:\/\/www.cie-colegram.com\/wp-content\/uploads\/2020\/01\/cie-colegram-tarek-ait-meddour-pauline-journe-tawam.png\",\"contentUrl\":\"https:\/\/www.cie-colegram.com\/wp-content\/uploads\/2020\/01\/cie-colegram-tarek-ait-meddour-pauline-journe-tawam.png\",\"width\":2000,\"height\":1200,\"caption\":\"Cie Col\u00e9gram, \\\"TAWAM\\\" - Photo \u00a9 Philippe Monpontet\"},{\"@type\":\"BreadcrumbList\",\"@id\":\"https:\/\/www.cie-colegram.com\/index.php\/events\/saint-germain-en-laye-tawam-extrait\/#breadcrumb\",\"itemListElement\":[{\"@type\":\"ListItem\",\"position\":1,\"name\":\"Accueil\",\"item\":\"https:\/\/www.cie-colegram.com\/\"},{\"@type\":\"ListItem\",\"position\":2,\"name\":\"\u00c9venements\",\"item\":\"https:\/\/www.cie-colegram.com\/index.php\/events\/\"},{\"@type\":\"ListItem\",\"position\":3,\"name\":\"TAWAM (extrait)\"}]},{\"@type\":\"WebSite\",\"@id\":\"https:\/\/www.cie-colegram.com\/#website\",\"url\":\"https:\/\/www.cie-colegram.com\/\",\"name\":\"Cie Col\u00e9gram | Tarek A\u00eft Meddour\",\"description\":\"\",\"publisher\":{\"@id\":\"https:\/\/www.cie-colegram.com\/#organization\"},\"potentialAction\":[{\"@type\":\"SearchAction\",\"target\":{\"@type\":\"EntryPoint\",\"urlTemplate\":\"https:\/\/www.cie-colegram.com\/?s={search_term_string}\"},\"query-input\":{\"@type\":\"PropertyValueSpecification\",\"valueRequired\":true,\"valueName\":\"search_term_string\"}}],\"inLanguage\":\"fr-FR\"},{\"@type\":\"Organization\",\"@id\":\"https:\/\/www.cie-colegram.com\/#organization\",\"name\":\"Cie Col\u00e9gram | Tarek A\u00eft Meddour\",\"url\":\"https:\/\/www.cie-colegram.com\/\",\"logo\":{\"@type\":\"ImageObject\",\"inLanguage\":\"fr-FR\",\"@id\":\"https:\/\/www.cie-colegram.com\/#\/schema\/logo\/image\/\",\"url\":\"https:\/\/www.cie-colegram.com\/wp-content\/uploads\/2019\/12\/CLG_logo_NOIR.png\",\"contentUrl\":\"https:\/\/www.cie-colegram.com\/wp-content\/uploads\/2019\/12\/CLG_logo_NOIR.png\",\"width\":1550,\"height\":2000,\"caption\":\"Cie Col\u00e9gram | Tarek A\u00eft Meddour\"},\"image\":{\"@id\":\"https:\/\/www.cie-colegram.com\/#\/schema\/logo\/image\/\"}}]}<\/script>\n<!-- \/ Yoast SEO plugin. -->","yoast_head_json":{"title":"TAWAM (extrait) - Cie Col\u00e9gram | Tarek A\u00eft Meddour","description":"Repr\u00e9sentation d'un extrait de TAWAM de Tarek A\u00eft Meddour et Pauline Journ\u00e9e lors de la pr\u00e9sentation de saison 22\/23 du Th. A.-Dumas (78).","robots":{"index":"index","follow":"follow","max-snippet":"max-snippet:-1","max-image-preview":"max-image-preview:large","max-video-preview":"max-video-preview:-1"},"canonical":"https:\/\/www.cie-colegram.com\/index.php\/events\/saint-germain-en-laye-tawam-extrait\/","og_locale":"fr_FR","og_type":"article","og_title":"TAWAM (extrait) - Cie Col\u00e9gram | Tarek A\u00eft Meddour","og_description":"Repr\u00e9sentation d'un extrait de TAWAM de Tarek A\u00eft Meddour et Pauline Journ\u00e9e lors de la pr\u00e9sentation de saison 22\/23 du Th. A.-Dumas (78).","og_url":"https:\/\/www.cie-colegram.com\/index.php\/events\/saint-germain-en-laye-tawam-extrait\/","og_site_name":"Cie Col\u00e9gram | Tarek A\u00eft Meddour","article_modified_time":"2022-05-25T13:54:10+00:00","og_image":[{"width":1024,"height":614,"url":"https:\/\/www.cie-colegram.com\/wp-content\/uploads\/2020\/01\/cie-colegram-tarek-ait-meddour-pauline-journe-tawam-1024x614.png","type":"image\/png"}],"twitter_card":"summary_large_image","twitter_misc":{"Dur\u00e9e de lecture estim\u00e9e":"1 minute"},"schema":{"@context":"https:\/\/schema.org","@graph":[{"@type":"WebPage","@id":"https:\/\/www.cie-colegram.com\/index.php\/events\/saint-germain-en-laye-tawam-extrait\/","url":"https:\/\/www.cie-colegram.com\/index.php\/events\/saint-germain-en-laye-tawam-extrait\/","name":"TAWAM (extrait) - Cie Col\u00e9gram | Tarek A\u00eft Meddour","isPartOf":{"@id":"https:\/\/www.cie-colegram.com\/#website"},"primaryImageOfPage":{"@id":"https:\/\/www.cie-colegram.com\/index.php\/events\/saint-germain-en-laye-tawam-extrait\/#primaryimage"},"image":{"@id":"https:\/\/www.cie-colegram.com\/index.php\/events\/saint-germain-en-laye-tawam-extrait\/#primaryimage"},"thumbnailUrl":"https:\/\/www.cie-colegram.com\/wp-content\/uploads\/2020\/01\/cie-colegram-tarek-ait-meddour-pauline-journe-tawam.png","datePublished":"2022-05-24T12:44:05+00:00","dateModified":"2022-05-25T13:54:10+00:00","description":"Repr\u00e9sentation d'un extrait de TAWAM de Tarek A\u00eft Meddour et Pauline Journ\u00e9e lors de la pr\u00e9sentation de saison 22\/23 du Th. A.-Dumas (78).","breadcrumb":{"@id":"https:\/\/www.cie-colegram.com\/index.php\/events\/saint-germain-en-laye-tawam-extrait\/#breadcrumb"},"inLanguage":"fr-FR","potentialAction":[{"@type":"ReadAction","target":["https:\/\/www.cie-colegram.com\/index.php\/events\/saint-germain-en-laye-tawam-extrait\/"]}]},{"@type":"ImageObject","inLanguage":"fr-FR","@id":"https:\/\/www.cie-colegram.com\/index.php\/events\/saint-germain-en-laye-tawam-extrait\/#primaryimage","url":"https:\/\/www.cie-colegram.com\/wp-content\/uploads\/2020\/01\/cie-colegram-tarek-ait-meddour-pauline-journe-tawam.png","contentUrl":"https:\/\/www.cie-colegram.com\/wp-content\/uploads\/2020\/01\/cie-colegram-tarek-ait-meddour-pauline-journe-tawam.png","width":2000,"height":1200,"caption":"Cie Col\u00e9gram, \"TAWAM\" - Photo \u00a9 Philippe Monpontet"},{"@type":"BreadcrumbList","@id":"https:\/\/www.cie-colegram.com\/index.php\/events\/saint-germain-en-laye-tawam-extrait\/#breadcrumb","itemListElement":[{"@type":"ListItem","position":1,"name":"Accueil","item":"https:\/\/www.cie-colegram.com\/"},{"@type":"ListItem","position":2,"name":"\u00c9venements","item":"https:\/\/www.cie-colegram.com\/index.php\/events\/"},{"@type":"ListItem","position":3,"name":"TAWAM (extrait)"}]},{"@type":"WebSite","@id":"https:\/\/www.cie-colegram.com\/#website","url":"https:\/\/www.cie-colegram.com\/","name":"Cie Col\u00e9gram | Tarek A\u00eft Meddour","description":"","publisher":{"@id":"https:\/\/www.cie-colegram.com\/#organization"},"potentialAction":[{"@type":"SearchAction","target":{"@type":"EntryPoint","urlTemplate":"https:\/\/www.cie-colegram.com\/?s={search_term_string}"},"query-input":{"@type":"PropertyValueSpecification","valueRequired":true,"valueName":"search_term_string"}}],"inLanguage":"fr-FR"},{"@type":"Organization","@id":"https:\/\/www.cie-colegram.com\/#organization","name":"Cie Col\u00e9gram | Tarek A\u00eft Meddour","url":"https:\/\/www.cie-colegram.com\/","logo":{"@type":"ImageObject","inLanguage":"fr-FR","@id":"https:\/\/www.cie-colegram.com\/#\/schema\/logo\/image\/","url":"https:\/\/www.cie-colegram.com\/wp-content\/uploads\/2019\/12\/CLG_logo_NOIR.png","contentUrl":"https:\/\/www.cie-colegram.com\/wp-content\/uploads\/2019\/12\/CLG_logo_NOIR.png","width":1550,"height":2000,"caption":"Cie Col\u00e9gram | Tarek A\u00eft Meddour"},"image":{"@id":"https:\/\/www.cie-colegram.com\/#\/schema\/logo\/image\/"}}]}},"_links":{"self":[{"href":"https:\/\/www.cie-colegram.com\/index.php\/wp-json\/wp\/v2\/mec-events\/2576","targetHints":{"allow":["GET"]}}],"collection":[{"href":"https:\/\/www.cie-colegram.com\/index.php\/wp-json\/wp\/v2\/mec-events"}],"about":[{"href":"https:\/\/www.cie-colegram.com\/index.php\/wp-json\/wp\/v2\/types\/mec-events"}],"author":[{"embeddable":true,"href":"https:\/\/www.cie-colegram.com\/index.php\/wp-json\/wp\/v2\/users\/2"}],"replies":[{"embeddable":true,"href":"https:\/\/www.cie-colegram.com\/index.php\/wp-json\/wp\/v2\/comments?post=2576"}],"version-history":[{"count":3,"href":"https:\/\/www.cie-colegram.com\/index.php\/wp-json\/wp\/v2\/mec-events\/2576\/revisions"}],"predecessor-version":[{"id":2580,"href":"https:\/\/www.cie-colegram.com\/index.php\/wp-json\/wp\/v2\/mec-events\/2576\/revisions\/2580"}],"wp:featuredmedia":[{"embeddable":true,"href":"https:\/\/www.cie-colegram.com\/index.php\/wp-json\/wp\/v2\/media\/1668"}],"wp:attachment":[{"href":"https:\/\/www.cie-colegram.com\/index.php\/wp-json\/wp\/v2\/media?parent=2576"}],"wp:term":[{"taxonomy":"post_tag","embeddable":true,"href":"https:\/\/www.cie-colegram.com\/index.php\/wp-json\/wp\/v2\/tags?post=2576"},{"taxonomy":"mec_category","embeddable":true,"href":"https:\/\/www.cie-colegram.com\/index.php\/wp-json\/wp\/v2\/mec_category?post=2576"}],"curies":[{"name":"wp","href":"https:\/\/api.w.org\/{rel}","templated":true}]}}

<p><strong>→</strong> Présentation d&rsquo;un extrait de <em><strong><a href="https://www.cie-colegram.com/index.php/tawam/">Tawam</a></strong></em> dans le cadre de la présentation de saison 22/23 du <a href="https://tad.saintgermainenlaye.fr/1380-4257/fiche/presentation-de-la-saison-2022-2023.htm" target="_blank" rel="noreferrer noopener">Théâtre Alexandre Dumas</a>, à 18h et 20h30.</p>



<iframe src="https://www.google.com/maps/embed?pb=!1m14!1m8!1m3!1d10491.902856323117!2d2.097!3d48.8968!3m2!1i1024!2i768!4f13.1!3m3!1m2!1s0x0%3A0x75640194c5a20305!2sTh%C3%A9%C3%A2tre%20Alexandre%20Dumas!5e0!3m2!1sfr!2sfr!4v1653396071987!5m2!1sfr!2sfr" width="600" height="450" style="border:0;" allowfullscreen="" loading="lazy" referrerpolicy="no-referrer-when-downgrade"></iframe>

<p>→ Présentation d&rsquo;un extrait de Tawam dans le cadre de la présentation de saison 22/23 du Théâtre Alexandre Dumas, à 18h et 20h30.</p>

<!-- This site is optimized with the Yoast SEO plugin v24.5 - https://yoast.com/wordpress/plugins/seo/ -->
<title>TAWAM (extrait) - Cie Colégram | Tarek Aït Meddour</title>
<meta name="description" content="Représentation d&#039;un extrait de TAWAM de Tarek Aït Meddour et Pauline Journée lors de la présentation de saison 22/23 du Th. A.-Dumas (78)." />
<meta name="robots" content="index, follow, max-snippet:-1, max-image-preview:large, max-video-preview:-1" />
<link rel="canonical" href="https://www.cie-colegram.com/index.php/events/saint-germain-en-laye-tawam-extrait/" />
<meta property="og:locale" content="fr_FR" />
<meta property="og:type" content="article" />
<meta property="og:title" content="TAWAM (extrait) - Cie Colégram | Tarek Aït Meddour" />
<meta property="og:description" content="Représentation d&#039;un extrait de TAWAM de Tarek Aït Meddour et Pauline Journée lors de la présentation de saison 22/23 du Th. A.-Dumas (78)." />
<meta property="og:url" content="https://www.cie-colegram.com/index.php/events/saint-germain-en-laye-tawam-extrait/" />
<meta property="og:site_name" content="Cie Colégram | Tarek Aït Meddour" />
<meta property="article:modified_time" content="2022-05-25T13:54:10+00:00" />
<meta property="og:image" content="https://www.cie-colegram.com/wp-content/uploads/2020/01/cie-colegram-tarek-ait-meddour-pauline-journe-tawam-1024x614.png" />
	<meta property="og:image:width" content="1024" />
	<meta property="og:image:height" content="614" />
	<meta property="og:image:type" content="image/png" />
<meta name="twitter:card" content="summary_large_image" />
<meta name="twitter:label1" content="Durée de lecture estimée" />
	<meta name="twitter:data1" content="1 minute" />
<script type="application/ld+json" class="yoast-schema-graph">{"@context":"https://schema.org","@graph":[{"@type":"WebPage","@id":"https://www.cie-colegram.com/index.php/events/saint-germain-en-laye-tawam-extrait/","url":"https://www.cie-colegram.com/index.php/events/saint-germain-en-laye-tawam-extrait/","name":"TAWAM (extrait) - Cie Colégram | Tarek Aït Meddour","isPartOf":{"@id":"https://www.cie-colegram.com/#website"},"primaryImageOfPage":{"@id":"https://www.cie-colegram.com/index.php/events/saint-germain-en-laye-tawam-extrait/#primaryimage"},"image":{"@id":"https://www.cie-colegram.com/index.php/events/saint-germain-en-laye-tawam-extrait/#primaryimage"},"thumbnailUrl":"https://www.cie-colegram.com/wp-content/uploads/2020/01/cie-colegram-tarek-ait-meddour-pauline-journe-tawam.png","datePublished":"2022-05-24T12:44:05+00:00","dateModified":"2022-05-25T13:54:10+00:00","description":"Représentation d'un extrait de TAWAM de Tarek Aït Meddour et Pauline Journée lors de la présentation de saison 22/23 du Th. A.-Dumas (78).","breadcrumb":{"@id":"https://www.cie-colegram.com/index.php/events/saint-germain-en-laye-tawam-extrait/#breadcrumb"},"inLanguage":"fr-FR","potentialAction":[{"@type":"ReadAction","target":["https://www.cie-colegram.com/index.php/events/saint-germain-en-laye-tawam-extrait/"]}]},{"@type":"ImageObject","inLanguage":"fr-FR","@id":"https://www.cie-colegram.com/index.php/events/saint-germain-en-laye-tawam-extrait/#primaryimage","url":"https://www.cie-colegram.com/wp-content/uploads/2020/01/cie-colegram-tarek-ait-meddour-pauline-journe-tawam.png","contentUrl":"https://www.cie-colegram.com/wp-content/uploads/2020/01/cie-colegram-tarek-ait-meddour-pauline-journe-tawam.png","width":2000,"height":1200,"caption":"Cie Colégram, \"TAWAM\" - Photo © Philippe Monpontet"},{"@type":"BreadcrumbList","@id":"https://www.cie-colegram.com/index.php/events/saint-germain-en-laye-tawam-extrait/#breadcrumb","itemListElement":[{"@type":"ListItem","position":1,"name":"Accueil","item":"https://www.cie-colegram.com/"},{"@type":"ListItem","position":2,"name":"Évenements","item":"https://www.cie-colegram.com/index.php/events/"},{"@type":"ListItem","position":3,"name":"TAWAM (extrait)"}]},{"@type":"WebSite","@id":"https://www.cie-colegram.com/#website","url":"https://www.cie-colegram.com/","name":"Cie Colégram | Tarek Aït Meddour","description":"","publisher":{"@id":"https://www.cie-colegram.com/#organization"},"potentialAction":[{"@type":"SearchAction","target":{"@type":"EntryPoint","urlTemplate":"https://www.cie-colegram.com/?s={search_term_string}"},"query-input":{"@type":"PropertyValueSpecification","valueRequired":true,"valueName":"search_term_string"}}],"inLanguage":"fr-FR"},{"@type":"Organization","@id":"https://www.cie-colegram.com/#organization","name":"Cie Colégram | Tarek Aït Meddour","url":"https://www.cie-colegram.com/","logo":{"@type":"ImageObject","inLanguage":"fr-FR","@id":"https://www.cie-colegram.com/#/schema/logo/image/","url":"https://www.cie-colegram.com/wp-content/uploads/2019/12/CLG_logo_NOIR.png","contentUrl":"https://www.cie-colegram.com/wp-content/uploads/2019/12/CLG_logo_NOIR.png","width":1550,"height":2000,"caption":"Cie Colégram | Tarek Aït Meddour"},"image":{"@id":"https://www.cie-colegram.com/#/schema/logo/image/"}}]}</script>
<!-- / Yoast SEO plugin. -->

TAWAM (extrait) - Cie Colégram | Tarek Aït Meddour

Représentation d'un extrait de TAWAM de Tarek Aït Meddour et Pauline Journée lors de la présentation de saison 22/23 du Th. A.-Dumas (78).

Cie Colégram | Tarek Aït Meddour

Cie Colégram, "TAWAM" - Photo © Philippe Monpontet

Évenements
