{"id":2500,"date":"2022-01-01T00:48:45","date_gmt":"2021-12-31T23:48:45","guid":{"rendered":"https:\/\/www.cie-colegram.com\/?post_type=mec-events&#038;p=2500"},"modified":"2022-05-25T15:46:50","modified_gmt":"2022-05-25T13:46:50","slug":"les-rencontres-fmr","status":"publish","type":"mec-events","link":"https:\/\/www.cie-colegram.com\/index.php\/events\/les-rencontres-fmr\/","title":{"rendered":"Les Rencontres FMR"},"content":{"rendered":"\n<p><strong>\u2192<\/strong> Pour en savoir plus sur le festival : <a href=\"https:\/\/www.rencontresfmr.com\/\" target=\"_blank\" rel=\"noreferrer noopener\">site officiel<\/a><\/p>\n\n\n\n<iframe src=\"https:\/\/www.google.com\/maps\/embed?pb=!1m18!1m12!1m3!1d370174.8458457335!2d4.371092702485606!3d43.544229859230555!2m3!1f0!2f0!3f0!3m2!1i1024!2i768!4f13.1!3m3!1m2!1s0x12b672075d4814cd%3A0x40819a5fd970550!2sArles!5e0!3m2!1sfr!2sfr!4v1640994676838!5m2!1sfr!2sfr\" width=\"600\" height=\"450\" style=\"border:0;\" allowfullscreen=\"\" loading=\"lazy\"><\/iframe>\n","protected":false},"excerpt":{"rendered":"<p>\u2192 Pour en savoir plus sur le festival : site officiel<\/p>\n","protected":false},"author":2,"featured_media":2314,"comment_status":"open","ping_status":"closed","template":"","tags":[160,7],"mec_category":[],"class_list":["post-2500","mec-events","type-mec-events","status-publish","has-post-thumbnail","hentry","tag-festival","tag-representation"],"yoast_head":"<!-- This site is optimized with the Yoast SEO plugin v24.5 - https:\/\/yoast.com\/wordpress\/plugins\/seo\/ -->\n<title>Les Rencontres FMR - Cie Col\u00e9gram | Tarek A\u00eft Meddour<\/title>\n<meta name=\"description\" content=\"Les Rencontres FMR, festival international de danse contemporaine, \u00e0 Arles, du 20 au 25 ao\u00fbt 2022.\" \/>\n<meta name=\"robots\" content=\"index, follow, max-snippet:-1, max-image-preview:large, max-video-preview:-1\" \/>\n<link rel=\"canonical\" href=\"https:\/\/www.cie-colegram.com\/index.php\/events\/les-rencontres-fmr\/\" \/>\n<meta property=\"og:locale\" content=\"fr_FR\" \/>\n<meta property=\"og:type\" content=\"article\" \/>\n<meta property=\"og:title\" content=\"Les Rencontres FMR - Cie Col\u00e9gram | Tarek A\u00eft Meddour\" \/>\n<meta property=\"og:description\" content=\"Les Rencontres FMR, festival international de danse contemporaine, \u00e0 Arles, du 20 au 25 ao\u00fbt 2022.\" \/>\n<meta property=\"og:url\" content=\"https:\/\/www.cie-colegram.com\/index.php\/events\/les-rencontres-fmr\/\" \/>\n<meta property=\"og:site_name\" content=\"Cie Col\u00e9gram | Tarek A\u00eft Meddour\" \/>\n<meta property=\"article:modified_time\" content=\"2022-05-25T13:46:50+00:00\" \/>\n<meta property=\"og:image\" content=\"https:\/\/www.cie-colegram.com\/wp-content\/uploads\/2021\/07\/rencontres-FMR-arles-loic-kervignac.jpg\" \/>\n\t<meta property=\"og:image:width\" content=\"2000\" \/>\n\t<meta property=\"og:image:height\" content=\"1200\" \/>\n\t<meta property=\"og:image:type\" content=\"image\/jpeg\" \/>\n<meta name=\"twitter:card\" content=\"summary_large_image\" \/>\n<meta name=\"twitter:label1\" content=\"Dur\u00e9e de lecture estim\u00e9e\" \/>\n\t<meta name=\"twitter:data1\" content=\"1 minute\" \/>\n<script type=\"application\/ld+json\" class=\"yoast-schema-graph\">{\"@context\":\"https:\/\/schema.org\",\"@graph\":[{\"@type\":\"WebPage\",\"@id\":\"https:\/\/www.cie-colegram.com\/index.php\/events\/les-rencontres-fmr\/\",\"url\":\"https:\/\/www.cie-colegram.com\/index.php\/events\/les-rencontres-fmr\/\",\"name\":\"Les Rencontres FMR - Cie Col\u00e9gram | Tarek A\u00eft Meddour\",\"isPartOf\":{\"@id\":\"https:\/\/www.cie-colegram.com\/#website\"},\"primaryImageOfPage\":{\"@id\":\"https:\/\/www.cie-colegram.com\/index.php\/events\/les-rencontres-fmr\/#primaryimage\"},\"image\":{\"@id\":\"https:\/\/www.cie-colegram.com\/index.php\/events\/les-rencontres-fmr\/#primaryimage\"},\"thumbnailUrl\":\"https:\/\/www.cie-colegram.com\/wp-content\/uploads\/2021\/07\/rencontres-FMR-arles-loic-kervignac.jpg\",\"datePublished\":\"2021-12-31T23:48:45+00:00\",\"dateModified\":\"2022-05-25T13:46:50+00:00\",\"description\":\"Les Rencontres FMR, festival international de danse contemporaine, \u00e0 Arles, du 20 au 25 ao\u00fbt 2022.\",\"breadcrumb\":{\"@id\":\"https:\/\/www.cie-colegram.com\/index.php\/events\/les-rencontres-fmr\/#breadcrumb\"},\"inLanguage\":\"fr-FR\",\"potentialAction\":[{\"@type\":\"ReadAction\",\"target\":[\"https:\/\/www.cie-colegram.com\/index.php\/events\/les-rencontres-fmr\/\"]}]},{\"@type\":\"ImageObject\",\"inLanguage\":\"fr-FR\",\"@id\":\"https:\/\/www.cie-colegram.com\/index.php\/events\/les-rencontres-fmr\/#primaryimage\",\"url\":\"https:\/\/www.cie-colegram.com\/wp-content\/uploads\/2021\/07\/rencontres-FMR-arles-loic-kervignac.jpg\",\"contentUrl\":\"https:\/\/www.cie-colegram.com\/wp-content\/uploads\/2021\/07\/rencontres-FMR-arles-loic-kervignac.jpg\",\"width\":2000,\"height\":1200},{\"@type\":\"BreadcrumbList\",\"@id\":\"https:\/\/www.cie-colegram.com\/index.php\/events\/les-rencontres-fmr\/#breadcrumb\",\"itemListElement\":[{\"@type\":\"ListItem\",\"position\":1,\"name\":\"Accueil\",\"item\":\"https:\/\/www.cie-colegram.com\/\"},{\"@type\":\"ListItem\",\"position\":2,\"name\":\"\u00c9venements\",\"item\":\"https:\/\/www.cie-colegram.com\/index.php\/events\/\"},{\"@type\":\"ListItem\",\"position\":3,\"name\":\"Les Rencontres FMR\"}]},{\"@type\":\"WebSite\",\"@id\":\"https:\/\/www.cie-colegram.com\/#website\",\"url\":\"https:\/\/www.cie-colegram.com\/\",\"name\":\"Cie Col\u00e9gram | Tarek A\u00eft Meddour\",\"description\":\"\",\"publisher\":{\"@id\":\"https:\/\/www.cie-colegram.com\/#organization\"},\"potentialAction\":[{\"@type\":\"SearchAction\",\"target\":{\"@type\":\"EntryPoint\",\"urlTemplate\":\"https:\/\/www.cie-colegram.com\/?s={search_term_string}\"},\"query-input\":{\"@type\":\"PropertyValueSpecification\",\"valueRequired\":true,\"valueName\":\"search_term_string\"}}],\"inLanguage\":\"fr-FR\"},{\"@type\":\"Organization\",\"@id\":\"https:\/\/www.cie-colegram.com\/#organization\",\"name\":\"Cie Col\u00e9gram | Tarek A\u00eft Meddour\",\"url\":\"https:\/\/www.cie-colegram.com\/\",\"logo\":{\"@type\":\"ImageObject\",\"inLanguage\":\"fr-FR\",\"@id\":\"https:\/\/www.cie-colegram.com\/#\/schema\/logo\/image\/\",\"url\":\"https:\/\/www.cie-colegram.com\/wp-content\/uploads\/2019\/12\/CLG_logo_NOIR.png\",\"contentUrl\":\"https:\/\/www.cie-colegram.com\/wp-content\/uploads\/2019\/12\/CLG_logo_NOIR.png\",\"width\":1550,\"height\":2000,\"caption\":\"Cie Col\u00e9gram | Tarek A\u00eft Meddour\"},\"image\":{\"@id\":\"https:\/\/www.cie-colegram.com\/#\/schema\/logo\/image\/\"}}]}<\/script>\n<!-- \/ Yoast SEO plugin. -->","yoast_head_json":{"title":"Les Rencontres FMR - Cie Col\u00e9gram | Tarek A\u00eft Meddour","description":"Les Rencontres FMR, festival international de danse contemporaine, \u00e0 Arles, du 20 au 25 ao\u00fbt 2022.","robots":{"index":"index","follow":"follow","max-snippet":"max-snippet:-1","max-image-preview":"max-image-preview:large","max-video-preview":"max-video-preview:-1"},"canonical":"https:\/\/www.cie-colegram.com\/index.php\/events\/les-rencontres-fmr\/","og_locale":"fr_FR","og_type":"article","og_title":"Les Rencontres FMR - Cie Col\u00e9gram | Tarek A\u00eft Meddour","og_description":"Les Rencontres FMR, festival international de danse contemporaine, \u00e0 Arles, du 20 au 25 ao\u00fbt 2022.","og_url":"https:\/\/www.cie-colegram.com\/index.php\/events\/les-rencontres-fmr\/","og_site_name":"Cie Col\u00e9gram | Tarek A\u00eft Meddour","article_modified_time":"2022-05-25T13:46:50+00:00","og_image":[{"width":2000,"height":1200,"url":"https:\/\/www.cie-colegram.com\/wp-content\/uploads\/2021\/07\/rencontres-FMR-arles-loic-kervignac.jpg","type":"image\/jpeg"}],"twitter_card":"summary_large_image","twitter_misc":{"Dur\u00e9e de lecture estim\u00e9e":"1 minute"},"schema":{"@context":"https:\/\/schema.org","@graph":[{"@type":"WebPage","@id":"https:\/\/www.cie-colegram.com\/index.php\/events\/les-rencontres-fmr\/","url":"https:\/\/www.cie-colegram.com\/index.php\/events\/les-rencontres-fmr\/","name":"Les Rencontres FMR - Cie Col\u00e9gram | Tarek A\u00eft Meddour","isPartOf":{"@id":"https:\/\/www.cie-colegram.com\/#website"},"primaryImageOfPage":{"@id":"https:\/\/www.cie-colegram.com\/index.php\/events\/les-rencontres-fmr\/#primaryimage"},"image":{"@id":"https:\/\/www.cie-colegram.com\/index.php\/events\/les-rencontres-fmr\/#primaryimage"},"thumbnailUrl":"https:\/\/www.cie-colegram.com\/wp-content\/uploads\/2021\/07\/rencontres-FMR-arles-loic-kervignac.jpg","datePublished":"2021-12-31T23:48:45+00:00","dateModified":"2022-05-25T13:46:50+00:00","description":"Les Rencontres FMR, festival international de danse contemporaine, \u00e0 Arles, du 20 au 25 ao\u00fbt 2022.","breadcrumb":{"@id":"https:\/\/www.cie-colegram.com\/index.php\/events\/les-rencontres-fmr\/#breadcrumb"},"inLanguage":"fr-FR","potentialAction":[{"@type":"ReadAction","target":["https:\/\/www.cie-colegram.com\/index.php\/events\/les-rencontres-fmr\/"]}]},{"@type":"ImageObject","inLanguage":"fr-FR","@id":"https:\/\/www.cie-colegram.com\/index.php\/events\/les-rencontres-fmr\/#primaryimage","url":"https:\/\/www.cie-colegram.com\/wp-content\/uploads\/2021\/07\/rencontres-FMR-arles-loic-kervignac.jpg","contentUrl":"https:\/\/www.cie-colegram.com\/wp-content\/uploads\/2021\/07\/rencontres-FMR-arles-loic-kervignac.jpg","width":2000,"height":1200},{"@type":"BreadcrumbList","@id":"https:\/\/www.cie-colegram.com\/index.php\/events\/les-rencontres-fmr\/#breadcrumb","itemListElement":[{"@type":"ListItem","position":1,"name":"Accueil","item":"https:\/\/www.cie-colegram.com\/"},{"@type":"ListItem","position":2,"name":"\u00c9venements","item":"https:\/\/www.cie-colegram.com\/index.php\/events\/"},{"@type":"ListItem","position":3,"name":"Les Rencontres FMR"}]},{"@type":"WebSite","@id":"https:\/\/www.cie-colegram.com\/#website","url":"https:\/\/www.cie-colegram.com\/","name":"Cie Col\u00e9gram | Tarek A\u00eft Meddour","description":"","publisher":{"@id":"https:\/\/www.cie-colegram.com\/#organization"},"potentialAction":[{"@type":"SearchAction","target":{"@type":"EntryPoint","urlTemplate":"https:\/\/www.cie-colegram.com\/?s={search_term_string}"},"query-input":{"@type":"PropertyValueSpecification","valueRequired":true,"valueName":"search_term_string"}}],"inLanguage":"fr-FR"},{"@type":"Organization","@id":"https:\/\/www.cie-colegram.com\/#organization","name":"Cie Col\u00e9gram | Tarek A\u00eft Meddour","url":"https:\/\/www.cie-colegram.com\/","logo":{"@type":"ImageObject","inLanguage":"fr-FR","@id":"https:\/\/www.cie-colegram.com\/#\/schema\/logo\/image\/","url":"https:\/\/www.cie-colegram.com\/wp-content\/uploads\/2019\/12\/CLG_logo_NOIR.png","contentUrl":"https:\/\/www.cie-colegram.com\/wp-content\/uploads\/2019\/12\/CLG_logo_NOIR.png","width":1550,"height":2000,"caption":"Cie Col\u00e9gram | Tarek A\u00eft Meddour"},"image":{"@id":"https:\/\/www.cie-colegram.com\/#\/schema\/logo\/image\/"}}]}},"_links":{"self":[{"href":"https:\/\/www.cie-colegram.com\/index.php\/wp-json\/wp\/v2\/mec-events\/2500","targetHints":{"allow":["GET"]}}],"collection":[{"href":"https:\/\/www.cie-colegram.com\/index.php\/wp-json\/wp\/v2\/mec-events"}],"about":[{"href":"https:\/\/www.cie-colegram.com\/index.php\/wp-json\/wp\/v2\/types\/mec-events"}],"author":[{"embeddable":true,"href":"https:\/\/www.cie-colegram.com\/index.php\/wp-json\/wp\/v2\/users\/2"}],"replies":[{"embeddable":true,"href":"https:\/\/www.cie-colegram.com\/index.php\/wp-json\/wp\/v2\/comments?post=2500"}],"version-history":[{"count":3,"href":"https:\/\/www.cie-colegram.com\/index.php\/wp-json\/wp\/v2\/mec-events\/2500\/revisions"}],"predecessor-version":[{"id":2505,"href":"https:\/\/www.cie-colegram.com\/index.php\/wp-json\/wp\/v2\/mec-events\/2500\/revisions\/2505"}],"wp:featuredmedia":[{"embeddable":true,"href":"https:\/\/www.cie-colegram.com\/index.php\/wp-json\/wp\/v2\/media\/2314"}],"wp:attachment":[{"href":"https:\/\/www.cie-colegram.com\/index.php\/wp-json\/wp\/v2\/media?parent=2500"}],"wp:term":[{"taxonomy":"post_tag","embeddable":true,"href":"https:\/\/www.cie-colegram.com\/index.php\/wp-json\/wp\/v2\/tags?post=2500"},{"taxonomy":"mec_category","embeddable":true,"href":"https:\/\/www.cie-colegram.com\/index.php\/wp-json\/wp\/v2\/mec_category?post=2500"}],"curies":[{"name":"wp","href":"https:\/\/api.w.org\/{rel}","templated":true}]}}

<!-- This site is optimized with the Yoast SEO plugin v24.5 - https://yoast.com/wordpress/plugins/seo/ -->
<title>Les Rencontres FMR - Cie Colégram | Tarek Aït Meddour</title>
<meta name="description" content="Les Rencontres FMR, festival international de danse contemporaine, à Arles, du 20 au 25 août 2022." />
<meta name="robots" content="index, follow, max-snippet:-1, max-image-preview:large, max-video-preview:-1" />
<link rel="canonical" href="https://www.cie-colegram.com/index.php/events/les-rencontres-fmr/" />
<meta property="og:locale" content="fr_FR" />
<meta property="og:type" content="article" />
<meta property="og:title" content="Les Rencontres FMR - Cie Colégram | Tarek Aït Meddour" />
<meta property="og:description" content="Les Rencontres FMR, festival international de danse contemporaine, à Arles, du 20 au 25 août 2022." />
<meta property="og:url" content="https://www.cie-colegram.com/index.php/events/les-rencontres-fmr/" />
<meta property="og:site_name" content="Cie Colégram | Tarek Aït Meddour" />
<meta property="article:modified_time" content="2022-05-25T13:46:50+00:00" />
<meta property="og:image" content="https://www.cie-colegram.com/wp-content/uploads/2021/07/rencontres-FMR-arles-loic-kervignac.jpg" />
	<meta property="og:image:width" content="2000" />
	<meta property="og:image:height" content="1200" />
	<meta property="og:image:type" content="image/jpeg" />
<meta name="twitter:card" content="summary_large_image" />
<meta name="twitter:label1" content="Durée de lecture estimée" />
	<meta name="twitter:data1" content="1 minute" />
<script type="application/ld+json" class="yoast-schema-graph">{"@context":"https://schema.org","@graph":[{"@type":"WebPage","@id":"https://www.cie-colegram.com/index.php/events/les-rencontres-fmr/","url":"https://www.cie-colegram.com/index.php/events/les-rencontres-fmr/","name":"Les Rencontres FMR - Cie Colégram | Tarek Aït Meddour","isPartOf":{"@id":"https://www.cie-colegram.com/#website"},"primaryImageOfPage":{"@id":"https://www.cie-colegram.com/index.php/events/les-rencontres-fmr/#primaryimage"},"image":{"@id":"https://www.cie-colegram.com/index.php/events/les-rencontres-fmr/#primaryimage"},"thumbnailUrl":"https://www.cie-colegram.com/wp-content/uploads/2021/07/rencontres-FMR-arles-loic-kervignac.jpg","datePublished":"2021-12-31T23:48:45+00:00","dateModified":"2022-05-25T13:46:50+00:00","description":"Les Rencontres FMR, festival international de danse contemporaine, à Arles, du 20 au 25 août 2022.","breadcrumb":{"@id":"https://www.cie-colegram.com/index.php/events/les-rencontres-fmr/#breadcrumb"},"inLanguage":"fr-FR","potentialAction":[{"@type":"ReadAction","target":["https://www.cie-colegram.com/index.php/events/les-rencontres-fmr/"]}]},{"@type":"ImageObject","inLanguage":"fr-FR","@id":"https://www.cie-colegram.com/index.php/events/les-rencontres-fmr/#primaryimage","url":"https://www.cie-colegram.com/wp-content/uploads/2021/07/rencontres-FMR-arles-loic-kervignac.jpg","contentUrl":"https://www.cie-colegram.com/wp-content/uploads/2021/07/rencontres-FMR-arles-loic-kervignac.jpg","width":2000,"height":1200},{"@type":"BreadcrumbList","@id":"https://www.cie-colegram.com/index.php/events/les-rencontres-fmr/#breadcrumb","itemListElement":[{"@type":"ListItem","position":1,"name":"Accueil","item":"https://www.cie-colegram.com/"},{"@type":"ListItem","position":2,"name":"Évenements","item":"https://www.cie-colegram.com/index.php/events/"},{"@type":"ListItem","position":3,"name":"Les Rencontres FMR"}]},{"@type":"WebSite","@id":"https://www.cie-colegram.com/#website","url":"https://www.cie-colegram.com/","name":"Cie Colégram | Tarek Aït Meddour","description":"","publisher":{"@id":"https://www.cie-colegram.com/#organization"},"potentialAction":[{"@type":"SearchAction","target":{"@type":"EntryPoint","urlTemplate":"https://www.cie-colegram.com/?s={search_term_string}"},"query-input":{"@type":"PropertyValueSpecification","valueRequired":true,"valueName":"search_term_string"}}],"inLanguage":"fr-FR"},{"@type":"Organization","@id":"https://www.cie-colegram.com/#organization","name":"Cie Colégram | Tarek Aït Meddour","url":"https://www.cie-colegram.com/","logo":{"@type":"ImageObject","inLanguage":"fr-FR","@id":"https://www.cie-colegram.com/#/schema/logo/image/","url":"https://www.cie-colegram.com/wp-content/uploads/2019/12/CLG_logo_NOIR.png","contentUrl":"https://www.cie-colegram.com/wp-content/uploads/2019/12/CLG_logo_NOIR.png","width":1550,"height":2000,"caption":"Cie Colégram | Tarek Aït Meddour"},"image":{"@id":"https://www.cie-colegram.com/#/schema/logo/image/"}}]}</script>
<!-- / Yoast SEO plugin. -->

Les Rencontres FMR - Cie Colégram | Tarek Aït Meddour

Les Rencontres FMR, festival international de danse contemporaine, à Arles, du 20 au 25 août 2022.

Cie Colégram | Tarek Aït Meddour

Évenements
