{"id":2304,"date":"2021-07-01T11:08:29","date_gmt":"2021-07-01T09:08:29","guid":{"rendered":"https:\/\/www.cie-colegram.com\/?post_type=mec-events&#038;p=2304"},"modified":"2021-07-01T11:57:18","modified_gmt":"2021-07-01T09:57:18","slug":"stage-creation-mouvement","status":"publish","type":"mec-events","link":"https:\/\/www.cie-colegram.com\/index.php\/events\/stage-creation-mouvement\/","title":{"rendered":"Stage \u00ab\u00a0Cr\u00e9ation et Mouvement\u00a0\u00bb"},"content":{"rendered":"\n<iframe src=\"https:\/\/www.google.com\/maps\/embed?pb=!1m18!1m12!1m3!1d2883.0639392515122!2d4.028464115500232!3d43.72999857911873!2m3!1f0!2f0!3f0!3m2!1i1024!2i768!4f13.1!3m3!1m2!1s0x12b41fcd7adbd023%3A0xf82fae4947dca6!2s28%20Rue%20du%20Taillan%2C%2034160%20Beaulieu!5e0!3m2!1sfr!2sfr!4v1625130979065!5m2!1sfr!2sfr\" width=\"600\" height=\"450\" style=\"border:0;\" allowfullscreen=\"\" loading=\"lazy\"><\/iframe>\n","protected":false},"excerpt":{"rendered":"","protected":false},"author":2,"featured_media":1665,"comment_status":"open","ping_status":"closed","template":"","tags":[],"mec_category":[],"class_list":["post-2304","mec-events","type-mec-events","status-publish","has-post-thumbnail","hentry"],"yoast_head":"<!-- This site is optimized with the Yoast SEO plugin v24.5 - https:\/\/yoast.com\/wordpress\/plugins\/seo\/ -->\n<title>Stage &quot;Cr\u00e9ation et Mouvement&quot; - Cie Col\u00e9gram | Tarek A\u00eft Meddour<\/title>\n<meta name=\"description\" content=\"Stage de Tarek A\u00eft Meddour du 28 au 30 juillet 2021 \u00e0 l&#039;\u00e9cole Cr\u00e9ation et Mouvement \u00e0 Beaulieu (34)\" \/>\n<meta name=\"robots\" content=\"index, follow, max-snippet:-1, max-image-preview:large, max-video-preview:-1\" \/>\n<link rel=\"canonical\" href=\"https:\/\/www.cie-colegram.com\/index.php\/events\/stage-creation-mouvement\/\" \/>\n<meta property=\"og:locale\" content=\"fr_FR\" \/>\n<meta property=\"og:type\" content=\"article\" \/>\n<meta property=\"og:title\" content=\"Stage &quot;Cr\u00e9ation et Mouvement&quot; - Cie Col\u00e9gram | Tarek A\u00eft Meddour\" \/>\n<meta property=\"og:description\" content=\"Stage de Tarek A\u00eft Meddour du 28 au 30 juillet 2021 \u00e0 l&#039;\u00e9cole Cr\u00e9ation et Mouvement \u00e0 Beaulieu (34)\" \/>\n<meta property=\"og:url\" content=\"https:\/\/www.cie-colegram.com\/index.php\/events\/stage-creation-mouvement\/\" \/>\n<meta property=\"og:site_name\" content=\"Cie Col\u00e9gram | Tarek A\u00eft Meddour\" \/>\n<meta property=\"article:modified_time\" content=\"2021-07-01T09:57:18+00:00\" \/>\n<meta property=\"og:image\" content=\"https:\/\/www.cie-colegram.com\/wp-content\/uploads\/2020\/01\/cie-colegram-tarek-ait-meddour-portrait.jpg\" \/>\n\t<meta property=\"og:image:width\" content=\"2000\" \/>\n\t<meta property=\"og:image:height\" content=\"1200\" \/>\n\t<meta property=\"og:image:type\" content=\"image\/jpeg\" \/>\n<meta name=\"twitter:card\" content=\"summary_large_image\" \/>\n<script type=\"application\/ld+json\" class=\"yoast-schema-graph\">{\"@context\":\"https:\/\/schema.org\",\"@graph\":[{\"@type\":\"WebPage\",\"@id\":\"https:\/\/www.cie-colegram.com\/index.php\/events\/stage-creation-mouvement\/\",\"url\":\"https:\/\/www.cie-colegram.com\/index.php\/events\/stage-creation-mouvement\/\",\"name\":\"Stage \\\"Cr\u00e9ation et Mouvement\\\" - Cie Col\u00e9gram | Tarek A\u00eft Meddour\",\"isPartOf\":{\"@id\":\"https:\/\/www.cie-colegram.com\/#website\"},\"primaryImageOfPage\":{\"@id\":\"https:\/\/www.cie-colegram.com\/index.php\/events\/stage-creation-mouvement\/#primaryimage\"},\"image\":{\"@id\":\"https:\/\/www.cie-colegram.com\/index.php\/events\/stage-creation-mouvement\/#primaryimage\"},\"thumbnailUrl\":\"https:\/\/www.cie-colegram.com\/wp-content\/uploads\/2020\/01\/cie-colegram-tarek-ait-meddour-portrait.jpg\",\"datePublished\":\"2021-07-01T09:08:29+00:00\",\"dateModified\":\"2021-07-01T09:57:18+00:00\",\"description\":\"Stage de Tarek A\u00eft Meddour du 28 au 30 juillet 2021 \u00e0 l'\u00e9cole Cr\u00e9ation et Mouvement \u00e0 Beaulieu (34)\",\"breadcrumb\":{\"@id\":\"https:\/\/www.cie-colegram.com\/index.php\/events\/stage-creation-mouvement\/#breadcrumb\"},\"inLanguage\":\"fr-FR\",\"potentialAction\":[{\"@type\":\"ReadAction\",\"target\":[\"https:\/\/www.cie-colegram.com\/index.php\/events\/stage-creation-mouvement\/\"]}]},{\"@type\":\"ImageObject\",\"inLanguage\":\"fr-FR\",\"@id\":\"https:\/\/www.cie-colegram.com\/index.php\/events\/stage-creation-mouvement\/#primaryimage\",\"url\":\"https:\/\/www.cie-colegram.com\/wp-content\/uploads\/2020\/01\/cie-colegram-tarek-ait-meddour-portrait.jpg\",\"contentUrl\":\"https:\/\/www.cie-colegram.com\/wp-content\/uploads\/2020\/01\/cie-colegram-tarek-ait-meddour-portrait.jpg\",\"width\":2000,\"height\":1200,\"caption\":\"Cie Col\u00e9gram, Tarek A\u00eft Meddour - Photo \u00a9 Philippe Monpontet\"},{\"@type\":\"BreadcrumbList\",\"@id\":\"https:\/\/www.cie-colegram.com\/index.php\/events\/stage-creation-mouvement\/#breadcrumb\",\"itemListElement\":[{\"@type\":\"ListItem\",\"position\":1,\"name\":\"Accueil\",\"item\":\"https:\/\/www.cie-colegram.com\/\"},{\"@type\":\"ListItem\",\"position\":2,\"name\":\"\u00c9venements\",\"item\":\"https:\/\/www.cie-colegram.com\/index.php\/events\/\"},{\"@type\":\"ListItem\",\"position\":3,\"name\":\"Stage &#8220;Cr\u00e9ation et Mouvement&#8221;\"}]},{\"@type\":\"WebSite\",\"@id\":\"https:\/\/www.cie-colegram.com\/#website\",\"url\":\"https:\/\/www.cie-colegram.com\/\",\"name\":\"Cie Col\u00e9gram | Tarek A\u00eft Meddour\",\"description\":\"\",\"publisher\":{\"@id\":\"https:\/\/www.cie-colegram.com\/#organization\"},\"potentialAction\":[{\"@type\":\"SearchAction\",\"target\":{\"@type\":\"EntryPoint\",\"urlTemplate\":\"https:\/\/www.cie-colegram.com\/?s={search_term_string}\"},\"query-input\":{\"@type\":\"PropertyValueSpecification\",\"valueRequired\":true,\"valueName\":\"search_term_string\"}}],\"inLanguage\":\"fr-FR\"},{\"@type\":\"Organization\",\"@id\":\"https:\/\/www.cie-colegram.com\/#organization\",\"name\":\"Cie Col\u00e9gram | Tarek A\u00eft Meddour\",\"url\":\"https:\/\/www.cie-colegram.com\/\",\"logo\":{\"@type\":\"ImageObject\",\"inLanguage\":\"fr-FR\",\"@id\":\"https:\/\/www.cie-colegram.com\/#\/schema\/logo\/image\/\",\"url\":\"https:\/\/www.cie-colegram.com\/wp-content\/uploads\/2019\/12\/CLG_logo_NOIR.png\",\"contentUrl\":\"https:\/\/www.cie-colegram.com\/wp-content\/uploads\/2019\/12\/CLG_logo_NOIR.png\",\"width\":1550,\"height\":2000,\"caption\":\"Cie Col\u00e9gram | Tarek A\u00eft Meddour\"},\"image\":{\"@id\":\"https:\/\/www.cie-colegram.com\/#\/schema\/logo\/image\/\"}}]}<\/script>\n<!-- \/ Yoast SEO plugin. -->","yoast_head_json":{"title":"Stage \"Cr\u00e9ation et Mouvement\" - Cie Col\u00e9gram | Tarek A\u00eft Meddour","description":"Stage de Tarek A\u00eft Meddour du 28 au 30 juillet 2021 \u00e0 l'\u00e9cole Cr\u00e9ation et Mouvement \u00e0 Beaulieu (34)","robots":{"index":"index","follow":"follow","max-snippet":"max-snippet:-1","max-image-preview":"max-image-preview:large","max-video-preview":"max-video-preview:-1"},"canonical":"https:\/\/www.cie-colegram.com\/index.php\/events\/stage-creation-mouvement\/","og_locale":"fr_FR","og_type":"article","og_title":"Stage \"Cr\u00e9ation et Mouvement\" - Cie Col\u00e9gram | Tarek A\u00eft Meddour","og_description":"Stage de Tarek A\u00eft Meddour du 28 au 30 juillet 2021 \u00e0 l'\u00e9cole Cr\u00e9ation et Mouvement \u00e0 Beaulieu (34)","og_url":"https:\/\/www.cie-colegram.com\/index.php\/events\/stage-creation-mouvement\/","og_site_name":"Cie Col\u00e9gram | Tarek A\u00eft Meddour","article_modified_time":"2021-07-01T09:57:18+00:00","og_image":[{"width":2000,"height":1200,"url":"https:\/\/www.cie-colegram.com\/wp-content\/uploads\/2020\/01\/cie-colegram-tarek-ait-meddour-portrait.jpg","type":"image\/jpeg"}],"twitter_card":"summary_large_image","schema":{"@context":"https:\/\/schema.org","@graph":[{"@type":"WebPage","@id":"https:\/\/www.cie-colegram.com\/index.php\/events\/stage-creation-mouvement\/","url":"https:\/\/www.cie-colegram.com\/index.php\/events\/stage-creation-mouvement\/","name":"Stage \"Cr\u00e9ation et Mouvement\" - Cie Col\u00e9gram | Tarek A\u00eft Meddour","isPartOf":{"@id":"https:\/\/www.cie-colegram.com\/#website"},"primaryImageOfPage":{"@id":"https:\/\/www.cie-colegram.com\/index.php\/events\/stage-creation-mouvement\/#primaryimage"},"image":{"@id":"https:\/\/www.cie-colegram.com\/index.php\/events\/stage-creation-mouvement\/#primaryimage"},"thumbnailUrl":"https:\/\/www.cie-colegram.com\/wp-content\/uploads\/2020\/01\/cie-colegram-tarek-ait-meddour-portrait.jpg","datePublished":"2021-07-01T09:08:29+00:00","dateModified":"2021-07-01T09:57:18+00:00","description":"Stage de Tarek A\u00eft Meddour du 28 au 30 juillet 2021 \u00e0 l'\u00e9cole Cr\u00e9ation et Mouvement \u00e0 Beaulieu (34)","breadcrumb":{"@id":"https:\/\/www.cie-colegram.com\/index.php\/events\/stage-creation-mouvement\/#breadcrumb"},"inLanguage":"fr-FR","potentialAction":[{"@type":"ReadAction","target":["https:\/\/www.cie-colegram.com\/index.php\/events\/stage-creation-mouvement\/"]}]},{"@type":"ImageObject","inLanguage":"fr-FR","@id":"https:\/\/www.cie-colegram.com\/index.php\/events\/stage-creation-mouvement\/#primaryimage","url":"https:\/\/www.cie-colegram.com\/wp-content\/uploads\/2020\/01\/cie-colegram-tarek-ait-meddour-portrait.jpg","contentUrl":"https:\/\/www.cie-colegram.com\/wp-content\/uploads\/2020\/01\/cie-colegram-tarek-ait-meddour-portrait.jpg","width":2000,"height":1200,"caption":"Cie Col\u00e9gram, Tarek A\u00eft Meddour - Photo \u00a9 Philippe Monpontet"},{"@type":"BreadcrumbList","@id":"https:\/\/www.cie-colegram.com\/index.php\/events\/stage-creation-mouvement\/#breadcrumb","itemListElement":[{"@type":"ListItem","position":1,"name":"Accueil","item":"https:\/\/www.cie-colegram.com\/"},{"@type":"ListItem","position":2,"name":"\u00c9venements","item":"https:\/\/www.cie-colegram.com\/index.php\/events\/"},{"@type":"ListItem","position":3,"name":"Stage &#8220;Cr\u00e9ation et Mouvement&#8221;"}]},{"@type":"WebSite","@id":"https:\/\/www.cie-colegram.com\/#website","url":"https:\/\/www.cie-colegram.com\/","name":"Cie Col\u00e9gram | Tarek A\u00eft Meddour","description":"","publisher":{"@id":"https:\/\/www.cie-colegram.com\/#organization"},"potentialAction":[{"@type":"SearchAction","target":{"@type":"EntryPoint","urlTemplate":"https:\/\/www.cie-colegram.com\/?s={search_term_string}"},"query-input":{"@type":"PropertyValueSpecification","valueRequired":true,"valueName":"search_term_string"}}],"inLanguage":"fr-FR"},{"@type":"Organization","@id":"https:\/\/www.cie-colegram.com\/#organization","name":"Cie Col\u00e9gram | Tarek A\u00eft Meddour","url":"https:\/\/www.cie-colegram.com\/","logo":{"@type":"ImageObject","inLanguage":"fr-FR","@id":"https:\/\/www.cie-colegram.com\/#\/schema\/logo\/image\/","url":"https:\/\/www.cie-colegram.com\/wp-content\/uploads\/2019\/12\/CLG_logo_NOIR.png","contentUrl":"https:\/\/www.cie-colegram.com\/wp-content\/uploads\/2019\/12\/CLG_logo_NOIR.png","width":1550,"height":2000,"caption":"Cie Col\u00e9gram | Tarek A\u00eft Meddour"},"image":{"@id":"https:\/\/www.cie-colegram.com\/#\/schema\/logo\/image\/"}}]}},"_links":{"self":[{"href":"https:\/\/www.cie-colegram.com\/index.php\/wp-json\/wp\/v2\/mec-events\/2304","targetHints":{"allow":["GET"]}}],"collection":[{"href":"https:\/\/www.cie-colegram.com\/index.php\/wp-json\/wp\/v2\/mec-events"}],"about":[{"href":"https:\/\/www.cie-colegram.com\/index.php\/wp-json\/wp\/v2\/types\/mec-events"}],"author":[{"embeddable":true,"href":"https:\/\/www.cie-colegram.com\/index.php\/wp-json\/wp\/v2\/users\/2"}],"replies":[{"embeddable":true,"href":"https:\/\/www.cie-colegram.com\/index.php\/wp-json\/wp\/v2\/comments?post=2304"}],"version-history":[{"count":4,"href":"https:\/\/www.cie-colegram.com\/index.php\/wp-json\/wp\/v2\/mec-events\/2304\/revisions"}],"predecessor-version":[{"id":2311,"href":"https:\/\/www.cie-colegram.com\/index.php\/wp-json\/wp\/v2\/mec-events\/2304\/revisions\/2311"}],"wp:featuredmedia":[{"embeddable":true,"href":"https:\/\/www.cie-colegram.com\/index.php\/wp-json\/wp\/v2\/media\/1665"}],"wp:attachment":[{"href":"https:\/\/www.cie-colegram.com\/index.php\/wp-json\/wp\/v2\/media?parent=2304"}],"wp:term":[{"taxonomy":"post_tag","embeddable":true,"href":"https:\/\/www.cie-colegram.com\/index.php\/wp-json\/wp\/v2\/tags?post=2304"},{"taxonomy":"mec_category","embeddable":true,"href":"https:\/\/www.cie-colegram.com\/index.php\/wp-json\/wp\/v2\/mec_category?post=2304"}],"curies":[{"name":"wp","href":"https:\/\/api.w.org\/{rel}","templated":true}]}}

Stage « Création et Mouvement »

<!-- This site is optimized with the Yoast SEO plugin v24.5 - https://yoast.com/wordpress/plugins/seo/ -->
<title>Stage &quot;Création et Mouvement&quot; - Cie Colégram | Tarek Aït Meddour</title>
<meta name="description" content="Stage de Tarek Aït Meddour du 28 au 30 juillet 2021 à l&#039;école Création et Mouvement à Beaulieu (34)" />
<meta name="robots" content="index, follow, max-snippet:-1, max-image-preview:large, max-video-preview:-1" />
<link rel="canonical" href="https://www.cie-colegram.com/index.php/events/stage-creation-mouvement/" />
<meta property="og:locale" content="fr_FR" />
<meta property="og:type" content="article" />
<meta property="og:title" content="Stage &quot;Création et Mouvement&quot; - Cie Colégram | Tarek Aït Meddour" />
<meta property="og:description" content="Stage de Tarek Aït Meddour du 28 au 30 juillet 2021 à l&#039;école Création et Mouvement à Beaulieu (34)" />
<meta property="og:url" content="https://www.cie-colegram.com/index.php/events/stage-creation-mouvement/" />
<meta property="og:site_name" content="Cie Colégram | Tarek Aït Meddour" />
<meta property="article:modified_time" content="2021-07-01T09:57:18+00:00" />
<meta property="og:image" content="https://www.cie-colegram.com/wp-content/uploads/2020/01/cie-colegram-tarek-ait-meddour-portrait.jpg" />
	<meta property="og:image:width" content="2000" />
	<meta property="og:image:height" content="1200" />
	<meta property="og:image:type" content="image/jpeg" />
<meta name="twitter:card" content="summary_large_image" />
<script type="application/ld+json" class="yoast-schema-graph">{"@context":"https://schema.org","@graph":[{"@type":"WebPage","@id":"https://www.cie-colegram.com/index.php/events/stage-creation-mouvement/","url":"https://www.cie-colegram.com/index.php/events/stage-creation-mouvement/","name":"Stage \"Création et Mouvement\" - Cie Colégram | Tarek Aït Meddour","isPartOf":{"@id":"https://www.cie-colegram.com/#website"},"primaryImageOfPage":{"@id":"https://www.cie-colegram.com/index.php/events/stage-creation-mouvement/#primaryimage"},"image":{"@id":"https://www.cie-colegram.com/index.php/events/stage-creation-mouvement/#primaryimage"},"thumbnailUrl":"https://www.cie-colegram.com/wp-content/uploads/2020/01/cie-colegram-tarek-ait-meddour-portrait.jpg","datePublished":"2021-07-01T09:08:29+00:00","dateModified":"2021-07-01T09:57:18+00:00","description":"Stage de Tarek Aït Meddour du 28 au 30 juillet 2021 à l'école Création et Mouvement à Beaulieu (34)","breadcrumb":{"@id":"https://www.cie-colegram.com/index.php/events/stage-creation-mouvement/#breadcrumb"},"inLanguage":"fr-FR","potentialAction":[{"@type":"ReadAction","target":["https://www.cie-colegram.com/index.php/events/stage-creation-mouvement/"]}]},{"@type":"ImageObject","inLanguage":"fr-FR","@id":"https://www.cie-colegram.com/index.php/events/stage-creation-mouvement/#primaryimage","url":"https://www.cie-colegram.com/wp-content/uploads/2020/01/cie-colegram-tarek-ait-meddour-portrait.jpg","contentUrl":"https://www.cie-colegram.com/wp-content/uploads/2020/01/cie-colegram-tarek-ait-meddour-portrait.jpg","width":2000,"height":1200,"caption":"Cie Colégram, Tarek Aït Meddour - Photo © Philippe Monpontet"},{"@type":"BreadcrumbList","@id":"https://www.cie-colegram.com/index.php/events/stage-creation-mouvement/#breadcrumb","itemListElement":[{"@type":"ListItem","position":1,"name":"Accueil","item":"https://www.cie-colegram.com/"},{"@type":"ListItem","position":2,"name":"Évenements","item":"https://www.cie-colegram.com/index.php/events/"},{"@type":"ListItem","position":3,"name":"Stage &#8220;Création et Mouvement&#8221;"}]},{"@type":"WebSite","@id":"https://www.cie-colegram.com/#website","url":"https://www.cie-colegram.com/","name":"Cie Colégram | Tarek Aït Meddour","description":"","publisher":{"@id":"https://www.cie-colegram.com/#organization"},"potentialAction":[{"@type":"SearchAction","target":{"@type":"EntryPoint","urlTemplate":"https://www.cie-colegram.com/?s={search_term_string}"},"query-input":{"@type":"PropertyValueSpecification","valueRequired":true,"valueName":"search_term_string"}}],"inLanguage":"fr-FR"},{"@type":"Organization","@id":"https://www.cie-colegram.com/#organization","name":"Cie Colégram | Tarek Aït Meddour","url":"https://www.cie-colegram.com/","logo":{"@type":"ImageObject","inLanguage":"fr-FR","@id":"https://www.cie-colegram.com/#/schema/logo/image/","url":"https://www.cie-colegram.com/wp-content/uploads/2019/12/CLG_logo_NOIR.png","contentUrl":"https://www.cie-colegram.com/wp-content/uploads/2019/12/CLG_logo_NOIR.png","width":1550,"height":2000,"caption":"Cie Colégram | Tarek Aït Meddour"},"image":{"@id":"https://www.cie-colegram.com/#/schema/logo/image/"}}]}</script>
<!-- / Yoast SEO plugin. -->

Stage "Création et Mouvement" - Cie Colégram | Tarek Aït Meddour

Stage de Tarek Aït Meddour du 28 au 30 juillet 2021 à l'école Création et Mouvement à Beaulieu (34)

Cie Colégram | Tarek Aït Meddour

Cie Colégram, Tarek Aït Meddour - Photo © Philippe Monpontet

Évenements

Stage &#8220;Création et Mouvement&#8221;
